{"id":3800,"date":"2019-09-29T18:01:48","date_gmt":"2019-09-29T16:01:48","guid":{"rendered":"http:\/\/fheh.org\/?page_id=3800"},"modified":"2020-01-24T20:45:14","modified_gmt":"2020-01-24T19:45:14","slug":"sur-fheh","status":"publish","type":"page","link":"https:\/\/fheh.org\/?page_id=3800","title":{"rendered":"Sur FHEH"},"content":{"rendered":"\n<p><a href=\"https:\/\/fheh.org\/\">Dieser Link f\u00fchrt zu einer &nbsp;deutschen Version dieser Seite<\/a>!<br><a href=\"https:\/\/fheh.org\/?page_id=3205\">Please klick here for an English version of this page<\/a>!<br><a href=\"https:\/\/fheh.org\/?page_id=3389\">Por favor aprieta aqu\u00ed para una versi\u00f3n espa\u00f1ola de esta p\u00e1gina!&nbsp;&nbsp;<\/a><br><\/p>\n\n\n\n<p>Le Centre de recherche sur l\u2018\u00e9pist\u00e9mologie historique et l\u2019herm\u00e9neutique (FHEH) est un r\u00e9seau interdisciplinaire transinstitutionnel qui soutient la conception et la conduite de projets de recherches dans le domaine de la th\u00e9orie et de l\u2019histoire des sciences, principalement dans le domaine des sciences de l\u2019esprit et de la culture.<\/p>\n\n\n\n<p><strong>Projets en cours<\/strong><\/p>\n\n\n\n<p>DFG-Project (Albrecht\/Danneberg\/Klausnitzer\/Mateescu\/Skowronski):&nbsp;<a href=\"https:\/\/fheh.org\/?page_id=2471\">\u201cWir sagen ab der internationalen Gelehrtenrepublik\u201d? International academic relations in Germany between 1933 and 1945<\/a>&nbsp;(<a href=\"http:\/\/ns-wissenschaft.fheh.org\/?page_id=178\">English Summary<\/a>)<\/p>\n\n\n\n<p>VW-Opus magnum-Project (Danneberg):&nbsp;<a href=\"https:\/\/fheh.org\/?page_id=324\">Ordo inversus. On the Rupture of a Thought-figure in Philosophy, Natural Philosophy, and Hermeneutics and on Proposals to Mend and Replace It<\/a><\/p>\n\n\n\n<p>Project (Ralf Klausnitzer, Wilhelm Schernus, J\u00f6rg Sch\u00f6nert):&nbsp;<a href=\"https:\/\/fheh.org\/?page_id=2797\">Wilhelm Emrich: The Academic Career of a German Scholar<\/a>&nbsp;before, during, and after National Socialism<br><\/p>\n\n\n\n<p><strong>Manifestations actuelles<\/strong><\/p>\n\n\n\n<p>Max Bense \u2013 Works, Contexts, Reception, 2.\/3. February 2018, Stuttgart University \/ SRCTS (<a href=\"https:\/\/fheh.org\/wp-content\/uploads\/2015\/01\/Bense_Workshop_Homepage.pdf\">abstract<\/a>)<\/p>\n\n\n\n<p>\u201eZwischenv\u00f6lkische Aussprache\u201c. International Relations in Academic Journals 1933\u201345, 2nd to 4th of november 2017, Humboldt University Berlin<\/p>\n\n\n\n<p><\/p>\n\n\n\n<p>Workshop:&nbsp;<a href=\"https:\/\/fheh.org\/?page_id=2811\">Intellectual History and Literary Studies<\/a>. Concepts and Categories, Heidelberg 2.\/3. Juni 2016<\/p>\n\n\n\n<p><strong>Publications<\/strong><br><\/p>\n\n\n\n<p>Ordo inversus. Formen und Funktionen einer Denkfigur um 1800. Hg. v. Andrea Albrecht, Franziska Bomski, Lutz Danneberg, Berlin 2020 (Reihe:Historia Hermeneutica. Series Studia 19)<br><a href=\"https:\/\/www.degruyter.com\/viewbooktoc\/product\/529570\">Verlagsseite<\/a>&nbsp;<a href=\"https:\/\/www.degruyter.com\/downloadpdf\/books\/9783110656930\/9783110656930-toc\/9783110656930-toc.pdf\">Inhaltsverzeichnis<\/a><\/p>\n\n\n\n<div class=\"wp-block-image\"><figure class=\"aligncenter\"><img decoding=\"async\" loading=\"lazy\" width=\"203\" height=\"300\" src=\"https:\/\/fheh.org\/wp-content\/uploads\/2020\/01\/ordocover-203x300.jpg\" alt=\"\" class=\"wp-image-3844\" srcset=\"https:\/\/fheh.org\/wp-content\/uploads\/2020\/01\/ordocover-203x300.jpg 203w, https:\/\/fheh.org\/wp-content\/uploads\/2020\/01\/ordocover.jpg 339w\" sizes=\"(max-width: 203px) 100vw, 203px\" \/><\/figure><\/div>\n\n\n\n<p>Andrea Albrecht\/Masetto Bonitz\/Alexandra Skowronski\/Claus Zittel (Hg.): Max Bense. Werk \u2014 Kontext \u2014 Wirkung, Stuttgart 2019 (<a href=\"https:\/\/www.uni-heidelberg.de\/md\/neuphil\/gs\/ndl\/albrecht\/2019_book_maxbense-5-6.pdf\">Inhaltsverzeichnis<\/a>,\u00a0<a href=\"https:\/\/www.springer.com\/de\/book\/9783476047526\">Verlagsseite<\/a>).\u00a0<\/p>\n\n\n\n<div class=\"wp-block-image\"><figure class=\"aligncenter\"><img decoding=\"async\" src=\"https:\/\/www.uni-heidelberg.de\/md\/neuphil\/gs\/ndl\/albrecht\/fittosize_150_225_02e5296b886e35ca9594336fed1312ef_maxbense.jpg\" alt=\"Maxbense\"\/><\/figure><\/div>\n\n\n\n<p><\/p>\n\n\n\n<p>Lutz Danneberg: Hermeneutiken. Bedeutung und Methodologie, Berlin\/Boston 2018 (erscheint im Dez. 2018) Inhaltsverzeichnis,&nbsp;<a href=\"https:\/\/www.degruyter.com\/view\/product\/495948?rskey=imUfJd&amp;result=1#\">Verlagsseite<\/a><\/p>\n\n\n\n<figure class=\"wp-block-image\"><img decoding=\"async\" loading=\"lazy\" width=\"300\" height=\"158\" src=\"https:\/\/fheh.org\/wp-content\/uploads\/2018\/11\/LuDaHermeneutiken-300x158.jpg\" alt=\"\" class=\"wp-image-3681\" srcset=\"https:\/\/fheh.org\/wp-content\/uploads\/2018\/11\/LuDaHermeneutiken-300x158.jpg 300w, https:\/\/fheh.org\/wp-content\/uploads\/2018\/11\/LuDaHermeneutiken-768x403.jpg 768w, https:\/\/fheh.org\/wp-content\/uploads\/2018\/11\/LuDaHermeneutiken-1024x538.jpg 1024w, https:\/\/fheh.org\/wp-content\/uploads\/2018\/11\/LuDaHermeneutiken-624x328.jpg 624w, https:\/\/fheh.org\/wp-content\/uploads\/2018\/11\/LuDaHermeneutiken.jpg 1200w\" sizes=\"(max-width: 300px) 100vw, 300px\" \/><\/figure>\n\n\n\n<p>J\u00f8rgen Sneis:&nbsp;Ph\u00e4nomenologie und Textinterpretation.&nbsp;Studien zur Theoriegeschichte und Methodik der Literaturwissenschaft (Historia Hermeneutica 17), Berlin\/Boston 2018.&nbsp;<a href=\"https:\/\/fheh.org\/wp-content\/uploads\/2018\/10\/sneisInhalt.pdf\">Inhaltsverzeichnis<\/a>,&nbsp;<a href=\"https:\/\/www.degruyter.com\/viewbooktoc\/product\/495597\">Verlagsseite<\/a><\/p>\n\n\n\n<p>Ralf Klausnitzer\/Wilhelm Schernus\/J\u00f6rg Sch\u00f6nert:&nbsp;<a href=\"https:\/\/fheh.org\/?page_id=2797\">Wilhelm Emrich.&nbsp;Zur Lebensgeschichte eines Geisteswissenschaftlers vor, in und nach der NS-Zeit<\/a>., 2 Bde.,&nbsp;Stuttgart 2018<strong>.&nbsp;<\/strong><\/p>\n\n\n\n<p>Andrea Albrecht, Lutz Danneberg, Simone de Angelis (Hg.),&nbsp;<a href=\"https:\/\/fheh.org\/?page_id=1643\">Die akademische \u201aAchse\u2018 Berlin-Rom? Der wissenschaftlich-kulturelle Austausch zwischen Italien und Deutschland 1920 bis 1945<\/a>, Berlin 2017<\/p>\n\n\n\n<p>Scientia Poetica 2018 (<a href=\"https:\/\/www.degruyter.com\/view\/j\/scipo.2018.22.issue-1\/issue-files\/scipo.2018.22.issue-1.xml\">table of contents<\/a>)<\/p>\n\n\n\n<p>Scientia Poetica 2017 (<a href=\"https:\/\/www.degruyter.com\/view\/j\/scipo.2017.21.issue-1\/issue-files\/scipo.2017.21.issue-1.xml\">table of contents<\/a>)&nbsp;<\/p>\n\n\n\n<p>Lutz Danneberg, Selected Bibliography:&nbsp;<a href=\"https:\/\/fheh.org\/wp-content\/uploads\/2016\/07\/Goethe-V02.doc\">Goethe and the Sciences<\/a><\/p>\n\n\n\n<p>Lutz Danneberg,&nbsp;<a href=\"https:\/\/fheh.org\/wp-content\/uploads\/2015\/01\/WunderBibliographie.doc\">Bibliography on Miracles and<\/a>&nbsp;their Discussion.<\/p>\n\n\n\n<p>Lutz Danneberg, Bibliography on discipline, school, style,&nbsp;<a href=\"https:\/\/fheh.org\/wp-content\/uploads\/2016\/07\/Disziplin-Schule-Stil-V02_N-2-2.docx\">(Disziplin-Schule-Stil<\/a>) 22.12.2019<\/p>\n\n\n\n<p><\/p>\n","protected":false},"excerpt":{"rendered":"<p>Dieser Link f\u00fchrt zu einer &nbsp;deutschen Version dieser Seite!Please klick here for an English version of this page!Por favor aprieta aqu\u00ed para una versi\u00f3n espa\u00f1ola de esta p\u00e1gina!&nbsp;&nbsp; Le Centre de recherche sur l\u2018\u00e9pist\u00e9mologie historique et l\u2019herm\u00e9neutique (FHEH) est un r\u00e9seau interdisciplinaire transinstitutionnel qui soutient la conception et la conduite de projets de recherches dans [&hellip;]<\/p>\n","protected":false},"author":2,"featured_media":0,"parent":2596,"menu_order":3,"comment_status":"closed","ping_status":"closed","template":"","meta":[],"_links":{"self":[{"href":"https:\/\/fheh.org\/index.php?rest_route=\/wp\/v2\/pages\/3800"}],"collection":[{"href":"https:\/\/fheh.org\/index.php?rest_route=\/wp\/v2\/pages"}],"about":[{"href":"https:\/\/fheh.org\/index.php?rest_route=\/wp\/v2\/types\/page"}],"author":[{"embeddable":true,"href":"https:\/\/fheh.org\/index.php?rest_route=\/wp\/v2\/users\/2"}],"replies":[{"embeddable":true,"href":"https:\/\/fheh.org\/index.php?rest_route=%2Fwp%2Fv2%2Fcomments&post=3800"}],"version-history":[{"count":6,"href":"https:\/\/fheh.org\/index.php?rest_route=\/wp\/v2\/pages\/3800\/revisions"}],"predecessor-version":[{"id":3849,"href":"https:\/\/fheh.org\/index.php?rest_route=\/wp\/v2\/pages\/3800\/revisions\/3849"}],"up":[{"embeddable":true,"href":"https:\/\/fheh.org\/index.php?rest_route=\/wp\/v2\/pages\/2596"}],"wp:attachment":[{"href":"https:\/\/fheh.org\/index.php?rest_route=%2Fwp%2Fv2%2Fmedia&parent=3800"}],"curies":[{"name":"wp","href":"https:\/\/api.w.org\/{rel}","templated":true}]}}