{"id":3583,"date":"2018-06-14T08:21:52","date_gmt":"2018-06-14T06:21:52","guid":{"rendered":"http:\/\/fheh.org\/?page_id=3583"},"modified":"2018-06-14T08:35:40","modified_gmt":"2018-06-14T06:35:40","slug":"die-hermeneutik-der-aufklaerung-und-das-recht","status":"publish","type":"page","link":"https:\/\/fheh.org\/?page_id=3583","title":{"rendered":"Die Hermeneutik der Aufkl\u00e4rung und das Recht"},"content":{"rendered":"<p><strong>Die Hermeneutik der Aufkl\u00e4rung und das Recht<\/strong><\/p>\n<p>Workshop am Interdisziplin\u00e4ren Zentrum f\u00fcr die Erforschung der Europ\u00e4ischen Aufkl\u00e4rung Halle\/Saale, 4.-5. Juli 2018<\/p>\n<p>Konzept und Organisation: Denis\u00a0Thouard\u00a0(CNRS\/EHESS) und Frank Grunert (IZEA) in Kooperation mit der Alexander von Humboldt-Professur f\u00fcr neuzeitliche Schriftkultur und europ\u00e4ischen Wissenstransfer<\/p>\n<p style=\"font-weight: 400;\"><strong>Kurzbeschreibung<\/strong><\/p>\n<p>Die Hermeneutik der Aufkl\u00e4rung ist in der j\u00fcngeren Vergangenheit bereits h\u00e4ufiger Gegenstand des wissenschaftlichen Interesses gewesen. Obwohl dabei auch der juristischen Hermeneutik vermehrte Aufmerksamkeit zu Teil geworden ist, gilt diese f\u00fcr noch nicht hinreichend erforscht. Vor dem Hintergrund einer im Laufe der Zeit sich herausbildenden allgemeinen Hermeneutik soll daher nach den Spezifika der juristischen Hermeneutik gefragt werden. Denn auch wenn diese von den methodischen Neuerungen in der Logik und der Philologie profitierte, beh\u00e4lt sie durch ihren Bezug auf die Besonderheiten ihres Gegenstandes und dessen Funktionen sowie durch die methodischen Erfordernisse ihrer eigenen Disziplin ihre besondere Aufgabe und damit ihre \u2013 nicht nur fachinterne \u2013 Bedeutung.<\/p>\n<p>Der Workshop verfolgt das Ziel, an die vorhandenen Forschungsergebnisse anzukn\u00fcpfen und die spezifischen Konturen einer juristischen Hermeneutik der Aufkl\u00e4rung und ihrer Wirkung herauszuarbeiten.<\/p>\n<p>Erfahren Sie mehr zum Konzept und zum Programm auf der Homepage der AvH-Professur (<a href=\"https:\/\/schriftkultur.uni-halle.de\/\" data-saferedirecturl=\"https:\/\/www.google.com\/url?hl=en&amp;q=https:\/\/schriftkultur.uni-halle.de&amp;source=gmail&amp;ust=1529043406432000&amp;usg=AFQjCNH5kh4JZ6ES_prpsLxlHc3iUmqw9Q\">https:\/\/schriftkultur.uni-halle.de<\/a>) oder im <a href=\"https:\/\/fheh.org\/wp-content\/uploads\/2018\/06\/FLYER_juristische-Hermeneutik.pdf\">FLYER_Juristische Hermeneutik<\/a>.<\/p>\n<p><a href=\"https:\/\/fheh.org\/?page_id=2294\"><span style=\"font-weight: 400;\">Denis\u00a0<\/span><span style=\"font-weight: 400;\">Thouard<\/span><\/a><br style=\"font-weight: 400;\" \/><span style=\"font-weight: 400;\">Centre Georg Simmel- Recherches franco-allemandes en sciences sociales<\/span><br style=\"font-weight: 400;\" \/><span style=\"font-weight: 400;\">CNRS-EHESS UMR 8131<\/span><br style=\"font-weight: 400;\" \/><a style=\"font-weight: 400;\" href=\"https:\/\/maps.google.com\/?q=54+Boulevard+Raspail&amp;entry=gmail&amp;source=g\">54 Boulevard Raspail<\/a><br style=\"font-weight: 400;\" \/><span style=\"font-weight: 400;\">F-75006 Paris<\/span><br style=\"font-weight: 400;\" \/><span style=\"font-weight: 400;\">et<\/span><br style=\"font-weight: 400;\" \/><span style=\"font-weight: 400;\">Centre Marc Bloch<\/span><br style=\"font-weight: 400;\" \/><span style=\"font-weight: 400;\">Centre franco-allemand de recherches en sciences sociales \u2014<\/span><br style=\"font-weight: 400;\" \/><a style=\"font-weight: 400;\" href=\"https:\/\/maps.google.com\/?q=Friedrichstr.+191,+%0D%0AD-10117+Berlin&amp;entry=gmail&amp;source=g\">Friedrichstr. 191,<\/a><br style=\"font-weight: 400;\" \/><span style=\"font-weight: 400;\">D-10117 Berlin<\/span><br style=\"font-weight: 400;\" \/><a style=\"font-weight: 400;\" href=\"https:\/\/sites.google.com\/site\/pagedenisthouard\/\" data-saferedirecturl=\"https:\/\/www.google.com\/url?hl=en&amp;q=https:\/\/sites.google.com\/site\/pagedenisthouard\/&amp;source=gmail&amp;ust=1529043406432000&amp;usg=AFQjCNGTsCV0Fu9mD2qmUJeiGbWHPhxNHg\">https:\/\/sites.google.com\/site\/pagedenisthouard\/<\/a><br style=\"font-weight: 400;\" \/><a style=\"font-weight: 400;\" href=\"http:\/\/depuisberlin.blogspot.de\/\" data-saferedirecturl=\"https:\/\/www.google.com\/url?hl=en&amp;q=http:\/\/depuisberlin.blogspot.de\/&amp;source=gmail&amp;ust=1529043406432000&amp;usg=AFQjCNENDIkk-K9kNCrXBI3OMh3EGBeX9g\">http:\/\/depuisberlin.blogspot.de\/<\/a><\/p>\n","protected":false},"excerpt":{"rendered":"<p>Die Hermeneutik der Aufkl\u00e4rung und das Recht Workshop am Interdisziplin\u00e4ren Zentrum f\u00fcr die Erforschung der Europ\u00e4ischen Aufkl\u00e4rung Halle\/Saale, 4.-5. Juli 2018 Konzept und Organisation: Denis\u00a0Thouard\u00a0(CNRS\/EHESS) und Frank Grunert (IZEA) in Kooperation mit der Alexander von Humboldt-Professur f\u00fcr neuzeitliche Schriftkultur und europ\u00e4ischen Wissenstransfer Kurzbeschreibung Die Hermeneutik der Aufkl\u00e4rung ist in der j\u00fcngeren Vergangenheit bereits h\u00e4ufiger Gegenstand [&hellip;]<\/p>\n","protected":false},"author":2,"featured_media":0,"parent":36,"menu_order":29,"comment_status":"closed","ping_status":"closed","template":"","meta":[],"_links":{"self":[{"href":"https:\/\/fheh.org\/index.php?rest_route=\/wp\/v2\/pages\/3583"}],"collection":[{"href":"https:\/\/fheh.org\/index.php?rest_route=\/wp\/v2\/pages"}],"about":[{"href":"https:\/\/fheh.org\/index.php?rest_route=\/wp\/v2\/types\/page"}],"author":[{"embeddable":true,"href":"https:\/\/fheh.org\/index.php?rest_route=\/wp\/v2\/users\/2"}],"replies":[{"embeddable":true,"href":"https:\/\/fheh.org\/index.php?rest_route=%2Fwp%2Fv2%2Fcomments&post=3583"}],"version-history":[{"count":2,"href":"https:\/\/fheh.org\/index.php?rest_route=\/wp\/v2\/pages\/3583\/revisions"}],"predecessor-version":[{"id":3591,"href":"https:\/\/fheh.org\/index.php?rest_route=\/wp\/v2\/pages\/3583\/revisions\/3591"}],"up":[{"embeddable":true,"href":"https:\/\/fheh.org\/index.php?rest_route=\/wp\/v2\/pages\/36"}],"wp:attachment":[{"href":"https:\/\/fheh.org\/index.php?rest_route=%2Fwp%2Fv2%2Fmedia&parent=3583"}],"curies":[{"name":"wp","href":"https:\/\/api.w.org\/{rel}","templated":true}]}}