{"id":328,"date":"2015-01-04T15:21:34","date_gmt":"2015-01-04T14:21:34","guid":{"rendered":"http:\/\/serverle.ilw.uni-stuttgart.de\/fheh\/?page_id=328"},"modified":"2023-07-19T17:22:51","modified_gmt":"2023-07-19T15:22:51","slug":"zur-geschichte-der-deutschsprachigen-literaturwissenschaft","status":"publish","type":"page","link":"https:\/\/fheh.org\/?page_id=328","title":{"rendered":"Zur Geschichte der deutschsprachigen Literaturwissenschaft"},"content":{"rendered":"<div class=\"entry-content\" style=\"color: #333333;\">\n<p>I. <a href=\"#Probleme\">Probleme des interkulturellen Wissenschaftsvergleichs und Wissenstransfers am Beispiel der deutschsprachigen Literaturwissenschaft nach 1945<\/a><br \/>\nII. <a href=\"#Konzept\">II. Konzept- und Institutionsgeschichte der Germanistik<\/a><br \/>\nIII. <a href=\"#Handbuch\"> Handbuch Literaturwissenschaft<\/a><br \/>\nIV. <a href=\"#Praxeologie\"> Praxeologie der Literaturwissenschaft<\/a><br \/>\nV. <a href=\"#Empfindsamkeit\">Die Forschungsgeschichte von Empfindsamkeit und Jakobinismus zwischen 1965 und 1990<\/a><\/p>\n<h3><a name=\"Problem\"><\/a>\u00a0I. Probleme des interkulturellen Wissenschaftsvergleichs und Wissenstransfers am Beispiel der deutschsprachigen Literaturwissenschaft nach 1945<\/h3>\n<p style=\"font-weight: inherit; font-style: inherit;\"><span style=\"font-weight: bold; font-style: inherit; color: #666666;\">Bearbeitung: Lutz Danneberg, Wilhelm Schernus, J\u00f6rg Sch\u00f6nert<\/span><\/p>\n<p style=\"font-weight: inherit; font-style: inherit;\"><em style=\"font-weight: inherit;\">in Arbeit \u2026<\/em><\/p>\n<p style=\"font-weight: inherit; font-style: inherit;\"><span style=\"font-weight: bold; font-style: inherit; color: #666666;\">Verkn\u00fcpfungen<\/span><\/p>\n<p style=\"font-weight: inherit; font-style: inherit;\"><a style=\"font-weight: inherit; font-style: inherit; color: #333333;\" title=\"Disziplin, Schule, Stil\" href=\"https:\/\/fheh.org\/?page_id=1570\">Disziplin, Schule, Stil<br \/>\n<\/a><a style=\"font-weight: inherit; font-style: inherit; color: #333333;\" title=\"Problem, Frage\" href=\"https:\/\/fheh.org\/?page_id=1574\">Problem, Frage<br \/>\n<\/a><a style=\"font-weight: inherit; font-style: inherit; color: #333333;\" title=\"Tradition, Wissenstransfer\" href=\"https:\/\/fheh.org\/?page_id=1575\">Tradition, Wissenstransfer<\/a><br \/>\n<a style=\"font-weight: inherit; font-style: inherit; color: #333333;\" title=\"Wissenschaftskonkurrenz\" href=\"https:\/\/fheh.org\/?page_id=1576\">Wissenschaftskonkurrenz<\/a><\/p>\n<p style=\"font-weight: inherit; font-style: inherit;\"><span style=\"font-weight: bold; font-style: inherit; color: #666666;\"><em style=\"font-weight: inherit;\">Vorarbeiten<\/em><\/span><\/p>\n<ol style=\"font-weight: inherit; font-style: inherit;\">\n<li style=\"font-weight: inherit; font-style: inherit;\">Lutz Danneberg, Wilhelm Schernus und J\u00f6rg Sch\u00f6nert:\u00a0<a href=\"https:\/\/fheh.org\/wp-content\/uploads\/2016\/07\/kolloq1990.pdf\"> Probleme einer vergleichenden Geschichte der Literaturwissenschaft<\/a>\u00a0(Germanistik) in der DDR und der BRD (1950-1990) Papier zum Wissenschaftlichen Kolloqium der Arbeiststelle f\u00fcr Sozialgeschichte der Literatur (am Literaturwissenschaftlichen Seminar der Universit\u00e4t): Hamburg, 22.-24. November 1990. Teilnehmer aus der ehemaligen DDR: Klaus Blaudzun, Rainer Rosenberg, Dieter Schlenstedt, Heinz-J\u00fcrgen Staszak; Teilnehmer aus der BRD: Lutz Danneberg, Klaus Garber, Jan-Dirk M\u00fcller, J\u00fcrgen Scharfschwerdt, Wilhelm Schernus, J\u00f6rg Sch\u00f6nert, Friedrich Vollhardt, Wilhelm Vo\u00dfkamp<\/li>\n<li style=\"font-weight: inherit; font-style: inherit;\">Lutz Danneberg, Wilhelm Schernus und J\u00f6rg Sch\u00f6nert: <a href=\"https:\/\/fheh.org\/wp-content\/uploads\/2016\/07\/rezeptionsaesthetik.pdf\">Die Rezeption der Rezeptions\u00e4sthetik in der DDR: Wissenschaftswandel<\/a>\u00a0unter den Bedingungen des sozialistischen Systems. In: Gerhard P. Knapp und Gerd Labroisse (Hg.), 1945-1995 F\u00fcnfzig Jahre deutschsprachige Literatur in Aspekten. Amsterdam\/Atalanta 1995 (Amsterdamer Beitr\u00e4ge zur neueren Germanistik 38\/39), S. 643-702. L\u00e4ngere Fassung.<\/li>\n<li style=\"font-weight: inherit; font-style: inherit;\"><a href=\"https:\/\/fheh.org\/wp-content\/uploads\/2015\/01\/rezrez01.pdf\">&#8220;Rezeption der Rezeptions\u00e4sthetik&#8221; Nachbetrachtungen<\/a>: Bibliographie, Exzerpte und Materialien<\/li>\n<li>J\u00f6rg Sch\u00f6nert: <a href=\"https:\/\/fheh.org\/wp-content\/uploads\/2015\/01\/GeschGerm_HH_HRO_fheh.pdf\">Ohne Befremden? Wissenschaftskooperation als wechselseitiger Lernprozess zwischen germanistischen Arbeitsgruppen der Universit\u00e4ten Hamburg und Rostock vor und nach 1989<\/a><\/li>\n<\/ol>\n<p style=\"font-weight: inherit; font-style: inherit;\"><span style=\"font-weight: bold; font-style: inherit; color: #666666;\">Kontakt:\u00a0<a style=\"font-weight: inherit; font-style: inherit; color: #333333;\" title=\"Sch\u00f6nert, J\u00f6rg\" href=\"https:\/\/fheh.org\/?page_id=2276\">J\u00f6rg Sch\u00f6nert<\/a><\/span><\/p>\n<p><a name=\"Konzept\"><\/a><\/p>\n<h3>II. Konzept- und Institutionsgeschichte der Germanistik<\/h3>\n<p style=\"font-weight: inherit; font-style: inherit;\"><span style=\"font-weight: bold; font-style: inherit; color: #666666;\">Bearbeitung: Wolfgang H\u00f6ppner, Ralf Klausnitzer, J\u00f6rg Sch\u00f6nert<\/span><\/p>\n<p style=\"font-weight: inherit; font-style: inherit;\">Die hier versammelten Einzelprojekte verstehen sich als ein Beitrag zur Erforschung der Konzept- und Institutionsgeschichte der germanistischen Literaturwissenschaft mit besonderer Ber\u00fccksichtigung ihrer historischen Entwicklung in Berlin. Schwerpunkte sind die Fr\u00fchgeschichte der Germanistik, das Werk Wilhelm Scherers und der sog. \u201eScherer-Schule\u201c sowie das wissenschaftliche Wirken Franz Kochs und anderer Fachvertreter in der Zeit des Nationalsozialismus.<\/p>\n<p style=\"font-weight: inherit; font-style: inherit;\"><span style=\"font-weight: bold; font-style: inherit; color: #666666;\"><em style=\"font-weight: inherit;\">Vorarbeiten<\/em><\/span><\/p>\n<ol style=\"font-weight: inherit; font-style: inherit;\">\n<li style=\"font-weight: inherit; font-style: inherit;\">Wolfgang H\u00f6ppner:\u00a0<a href=\"https:\/\/fheh.org\/wp-content\/uploads\/2016\/07\/kontinuitaet-diskontinuitaet.pdf\">Kontinuit\u00e4t und Diskontinuit\u00e4t <\/a>\u00a0in der Berliner Germanistik. In: Die Berliner Universit\u00e4t in der NS-Zeit. Bd. II: Fachbereiche und Fakult\u00e4ten. Hg. von R\u00fcdiger vom Bruch unter Mitarbeit von Rebecca Schaarschmidt. Stuttgart 2005, S. 257-276.<\/li>\n<li style=\"font-weight: inherit; font-style: inherit;\">Wolfgang H\u00f6ppner:\u00a0<a href=\"https:\/\/fheh.org\/wp-content\/uploads\/2016\/07\/franz-koch.pdf\">Biographie Franz Koch<\/a>\u00a0\/ Schriftenverzeichnis Franz Koch (Auswahl). Abgedruckt in: Wolfgang H\u00f6ppner: Wissenschaftlerbiographie und Datenrecherchen in Bibliotheken und Archiven, dargestellt am Beispiel des \u00f6sterreichischen Germanisten Franz Koch (1888 \u2013 1969). Ein Erfahrungsbericht. In: Herbert Arlt, Alexandr W. Belobratow (Hg.): Interkulturelle Erforschung der \u00f6sterreichischen Literatur. St. Ingbert 2000, S. 61-99.<\/li>\n<li style=\"font-weight: inherit; font-style: inherit;\">Bernd Dammann und J\u00f6rg Sch\u00f6nert:\u00a0<a href=\"https:\/\/fheh.org\/wp-content\/uploads\/2016\/07\/Damannfranzkoch.pdf\">Machtstreben<\/a>\u00a0und Machtmissbrauch im Berliner Germanischen Seminar 1935-1945. Das Beispiel des Germanisten Franz Koch. FHEH-Preprint<\/li>\n<li style=\"font-weight: inherit; font-style: inherit;\">J\u00f6rg Sch\u00f6nert,\u00a0<a href=\"https:\/\/fheh.org\/wp-content\/uploads\/2016\/07\/schoenertgerm90i.pdf\">Germanistik<\/a>\u00a0der 1990er Jahre \u2013 eine Disziplin auf der Suche nach ihrer Identit\u00e4t.<\/li>\n<li style=\"font-weight: inherit; font-style: inherit;\">J\u00f6rg Sch\u00f6nert,\u00a0<a href=\"http:\/\/www.literaturkritik.de\/public\/rezension.php?rez_id=12169&amp;ausgabe=200808\">Vers\u00e4umte Lektionen?<\/a><\/li>\n<li style=\"font-weight: inherit; font-style: inherit;\">J\u00f6rg Sch\u00f6nert,\u00a0<a href=\"https:\/\/fheh.org\/wp-content\/uploads\/2016\/07\/schoenerthamburgii.pdf\">Germanistische Literaturwissenschaft<\/a>\u00a0in Hamburg von 1970 bis 2010<\/li>\n<li style=\"font-weight: inherit; font-style: inherit;\">J\u00f6rg Sch\u00f6nert,\u00a0Germanistik an der Universit\u00e4t Hamburg in der\u00a0<a href=\"https:\/\/fheh.org\/wp-content\/uploads\/2016\/07\/germ65-75schoenert.pdf\">Reformphase<\/a>\u00a01965-1975<\/li>\n<li style=\"font-weight: inherit; font-style: inherit;\">J\u00f6rg Sch\u00f6nert,\u00a0<a href=\"https:\/\/fheh.org\/wp-content\/uploads\/2016\/07\/schoenertsozgesch.pdf\">Sozialgeschichte<\/a>\u00a0als ,umbrella term\u2018. Zur konzeptionellen Ausrichtung der B\u00e4nde 1-12 von \u201eHansers Sozialgeschichte der deutschen Literatur\u201c<\/li>\n<li style=\"font-weight: inherit; font-style: inherit;\">J\u00f6rg Sch\u00f6nert,\u00a0<a href=\"https:\/\/fheh.org\/wp-content\/uploads\/2016\/07\/schoenertmuenchensoz.pdf\">Sozialgeschichte<\/a>\u00a0der Literatur \u2013 ein ver\u00fcbergehendes Meteor? R\u00fcckblick auf die DFG-Forschergruppe \u201eSozialgeschichte der Literatur\u201c (1979-1986) an der Universit\u00e4t M\u00fcnchen<\/li>\n<li style=\"font-weight: inherit; font-style: inherit;\">J\u00f6rg Sch\u00f6nert,\u00a0<a href=\"http:\/\/sjschmidt.net\/begegnu\/texte\/schoen1.htm\">(Theorie-)Arbeit sch\u00e4ndet nicht [zu S.J. Schmidt und der M\u00fcnchener Forschergruppe \u201eSozialgeschichte der Literatur\u201c<\/a><\/li>\n<li style=\"font-weight: inherit; font-style: inherit;\">Hinweis auf: Gerhard Sauder, Sozialgeschichte der Literatur: ein gescheitertes Experiment? In: KulturPoetik 10\/2 (2010), S. 250-263<\/li>\n<li style=\"font-weight: inherit; font-style: inherit;\">J\u00f6rg Sch\u00f6nert,\u00a0<a href=\"https:\/\/fheh.org\/wp-content\/uploads\/2016\/07\/fheh_wiedergelesen_finis_01.pdf\">Lekt\u00fcren zu Wilhelm Emrichs<\/a><span style=\"font-weight: inherit; font-style: inherit;\">\u00a0Die Symbolik von Faust II im Zeitraum 1940-2014<\/span><\/li>\n<li style=\"font-weight: inherit; font-style: inherit;\">J\u00f6rg Sch\u00f6nert:\u00a0<a href=\"https:\/\/fheh.org\/wp-content\/uploads\/2016\/07\/fheh_epochen.pdf\">Epochenkonzepte in der germanistischen Literaturgeschichtsschreibung<\/a><span style=\"font-weight: inherit; font-style: inherit;\">\u00a0zum 18. Jahrhundert<\/span><\/li>\n<\/ol>\n<p style=\"font-weight: inherit; font-style: inherit;\"><span style=\"font-weight: bold; font-style: inherit; color: #666666;\">Kontakt:\u00a0<a style=\"font-weight: inherit; font-style: inherit; color: #333333;\" title=\"Klausnitzer, Ralf\" href=\"https:\/\/fheh.org\/?page_id=2242\">Ralf Klausnitzer<\/a>,\u00a0<a style=\"font-weight: inherit; font-style: inherit; color: #333333;\" title=\"Sch\u00f6nert, J\u00f6rg\" href=\"https:\/\/fheh.org\/?page_id=2276\">J\u00f6rg Sch\u00f6nert<\/a><\/span><\/p>\n<p><a name=\"Handbuch\"><\/a><\/p>\n<h3>III. Handbuch Literaturwissenschaft<\/h3>\n<p style=\"font-weight: inherit; font-style: inherit;\"><span style=\"font-weight: bold; font-style: inherit; color: #666666;\">Bearbeitung: Lutz Danneberg, Wolfgang H\u00f6ppner, Ralf Klausnitzer, Dorit M\u00fcller<\/span><\/p>\n<p style=\"font-weight: inherit; font-style: inherit;\">Im Rahmen des von Thomas Anz (Marburg) geleiteten Projekts widmet sich ein Hauptkapitel der Geschichte der Literaturwissenschaft, das aus folgenden Teilkapiteln besteht: (1) Altphilologie, Theologie und die Genealogie der Literaturwissenschaft, (2) Literaturwissenschaft in den Nationalphilologien, (3) Institutionalisierung und Modernisierung der Literaturwissenschaft seit dem 19. Jahrhundert sowie (4) Literaturwissenschaft nach 1968.<\/p>\n<p style=\"font-weight: inherit; font-style: inherit;\"><span style=\"font-weight: bold; font-style: inherit; color: #666666;\"><em style=\"font-weight: inherit;\">Vorarbeiten<\/em><\/span><\/p>\n<ol style=\"font-weight: inherit; font-style: inherit;\">\n<li style=\"font-weight: inherit; font-style: inherit;\">Die Teilkapitel \u201e<a href=\"https:\/\/fheh.org\/wp-content\/uploads\/2016\/07\/geschichte-anz.pdf\">Geschichte der Literaturwissenschaft<\/a>\u201c sind erschienen im Bd. III des \u201eHandbuchs Literaturwissenschaft\u201c im Verlag J. B. Metzler Stuttgart und Weimar 2007.<\/li>\n<\/ol>\n<p style=\"font-weight: inherit; font-style: inherit;\"><span style=\"font-weight: bold; font-style: inherit; color: #666666;\">Kontakt:\u00a0<a style=\"font-weight: inherit; font-style: inherit; color: #333333;\" title=\"Danneberg, Lutz\" href=\"https:\/\/fheh.org\/?page_id=2237\">Lutz Danneberg<\/a>,\u00a0<a style=\"font-weight: inherit; font-style: inherit; color: #333333;\" title=\"Klausnitzer, Ralf\" href=\"https:\/\/fheh.org\/?page_id=2242\">Ralf Klausnitzer<\/a>,\u00a0<a style=\"font-weight: inherit; font-style: inherit; color: #333333;\" title=\"Mueller, Dorit\" href=\"https:\/\/fheh.org\/?page_id=2271\">Dorit M\u00fcller<\/a><\/span><\/p>\n<p><a name=\"Praxeologie\"><\/a><\/p>\n<h3>IV. Praxeologie der Literaturwissenschaft<\/h3>\n<p style=\"font-weight: inherit; font-style: inherit;\"><span style=\"font-weight: bold; font-style: inherit; color: #666666;\">Bearbeitung: J\u00f6rg Sch\u00f6nert<\/span><\/p>\n<p style=\"font-weight: inherit; font-style: inherit;\"><em style=\"font-weight: inherit;\">in Arbeit \u2026<\/em><\/p>\n<p style=\"font-weight: inherit; font-style: inherit;\"><span style=\"font-weight: bold; font-style: inherit; color: #666666;\"><em style=\"font-weight: inherit;\">Vorarbeiten<\/em><\/span><\/p>\n<ol style=\"font-weight: inherit; font-style: inherit;\">\n<li style=\"font-weight: inherit; font-style: inherit;\">Sch\u00f6nert, J\u00f6rg: Es mu\u00df nicht immer ein ,turn\u2018 sein.\u00a0<a href=\"https:\/\/fheh.org\/wp-content\/uploads\/2016\/07\/schoenertkodifikationen.pdf\">Typen und Funktionen<\/a>\u00a0kodifiziernder Publikationen in der Germanistik 1970-2010<\/li>\n<li style=\"font-weight: inherit; font-style: inherit;\">-: Die erste Dokumentation zur Reform des literaturwissenschaftlichen Grundstudiums: ,<a href=\"https:\/\/fheh.org\/wp-content\/uploads\/2016\/07\/schoenertmodelle.pdf\">Modelle<\/a>\u00a0der Praxis\u2018 von 1972<\/li>\n<li style=\"font-weight: inherit; font-style: inherit;\">-: <a href=\"https:\/\/fheh.org\/wp-content\/uploads\/2016\/07\/schoenerteinfuehrung.pdf\">Einf\u00fchrung<\/a>\u00a0in die Literaturwissenschaft\u2018: Zur Geschichte eines Publiklationstyps der letzten 50 Jahre\u00a0<a style=\"font-weight: inherit; font-style: inherit; color: #333333;\" href=\"http:\/\/www.literaturkritik.de\/public\/rezension.php?rez_id=10335\">http:\/\/www.literaturkritik.de\/public\/rezension.php?rez_id=10335<\/a><\/li>\n<li style=\"font-weight: inherit; font-style: inherit;\">-: Zur\u00a0<a href=\"https:\/\/fheh.org\/wp-content\/uploads\/2016\/07\/schoenertrelevanz.pdf\">Relevanz<\/a>\u00a0des literaturwissenschaftlichen Grundstudiums f\u00fcr disziplin\u00e4re Entwicklungen in den Neuphilologien 1970 \u2013 2010: Impulse, Indikatoren, Imperative (Fachgeschichte in praxeologischer Sicht)<\/li>\n<li style=\"font-weight: inherit; font-style: inherit;\">-:\u00a0<a href=\"https:\/\/fheh.org\/wp-content\/uploads\/2016\/07\/schoenertstruktura.pdf\">Strukturalismus<\/a>\u00a0in der Praxis \u2013 methodische Konzepte<\/li>\n<li style=\"font-weight: inherit; font-style: inherit;\">\u2013 (in Zusammenarbeit mit Tanja Lange und Wilhelm Schernus)\u00a0<a href=\"https:\/\/fheh.org\/wp-content\/uploads\/2023\/07\/Pilotstudie_Finis_tla_280900.pdf\">Pilotstudie<\/a>.\u00a0Zur Entwicklungsgeschichte des germanistisch-literaturwissenschaftlichen Grundstudiums an der Universit\u00e4t Hamburg (1970-2009)\u2018 zum Antrag ,Zur Relevanz des literaturwissenschaftlichen Grundstudiums f\u00fcr disziplin\u00e4re Entwicklungen in den Neuphilologien 1970-2010: Impulse, Indikatoren, Imperative (Fachgeschichte in praexologischer Sicht)\u2018<\/li>\n<\/ol>\n<p style=\"font-weight: inherit; font-style: inherit;\"><span style=\"font-weight: bold; font-style: inherit; color: #666666;\">Kontakt:\u00a0<a style=\"font-weight: inherit; font-style: inherit; color: #333333;\" title=\"Sch\u00f6nert, J\u00f6rg\" href=\"https:\/\/fheh.org\/?page_id=2276\">J\u00f6rg Sch\u00f6nert<\/a><\/span><\/p>\n<p><a name=\"Empfindsamkeit\"><\/a><\/p>\n<h3 style=\"font-weight: inherit; font-style: inherit;\"><span style=\"font-weight: bold; font-style: inherit; color: #666666;\"> V.\u00a0<span style=\"font-weight: inherit; font-style: inherit;\">Die Forschungsgeschichte von Empfindsamkeit und Jakobinismus zwischen 1965 und 1990<\/span><\/span><\/h3>\n<ul style=\"font-weight: inherit; font-style: inherit;\">\n<li style=\"font-weight: inherit; font-style: inherit;\"><span style=\"font-weight: inherit; font-style: inherit;\">Bearbeitet<\/span><span style=\"font-weight: inherit; font-style: inherit;\">, kommentiert und herausgegeben von Michael Schlott, in Zusammenarbeit mit Lutz Danneberg, Thorsten Ries, Wilhelm Schernus, J\u00f6rg Sch\u00f6nert und Friedrich Vollhardt: Wege der Aufkl\u00e4rung in Deutschland. Die Forschungsgeschichte von Empfindsamkeit und Jakobinismus zwischen 1965 und 1990 in Experteninterviews. Leipzig 2012 (Abhandlungen der S\u00e4chsischen Akademie der Wissenschaften zu Leipzig: Philologisch-historische Klasse 83) 842 Seiten<\/span><\/li>\n<\/ul>\n<p style=\"font-weight: inherit; font-style: inherit;\"><span style=\"font-weight: bold; font-style: inherit; color: #666666;\">Kontakt<\/span>:\u00a0<a style=\"font-weight: inherit; font-style: inherit; color: #333333;\" title=\"Schlott, Michael\" href=\"https:\/\/fheh.org\/?page_id=2275\">Michael Schlott<\/a><\/p>\n<\/div>\n<footer class=\"entry-footer\" style=\"color: rgba(51, 51, 51, 0.701961);\"><span class=\"posted-on\" style=\"font-weight: inherit; font-style: inherit;\"><span class=\"screen-reader-text\" style=\"font-weight: inherit; font-style: inherit;\">\u00a0<\/span><\/span><\/footer>\n","protected":false},"excerpt":{"rendered":"<p>I. Probleme des interkulturellen Wissenschaftsvergleichs und Wissenstransfers am Beispiel der deutschsprachigen Literaturwissenschaft nach 1945 II. II. Konzept- und Institutionsgeschichte der Germanistik III. Handbuch Literaturwissenschaft IV. Praxeologie der Literaturwissenschaft V. Die Forschungsgeschichte von Empfindsamkeit und Jakobinismus zwischen 1965 und 1990 \u00a0I. Probleme des interkulturellen Wissenschaftsvergleichs und Wissenstransfers am Beispiel der deutschsprachigen Literaturwissenschaft nach 1945 Bearbeitung: Lutz [&hellip;]<\/p>\n","protected":false},"author":1,"featured_media":0,"parent":27,"menu_order":10,"comment_status":"closed","ping_status":"closed","template":"","meta":[],"_links":{"self":[{"href":"https:\/\/fheh.org\/index.php?rest_route=\/wp\/v2\/pages\/328"}],"collection":[{"href":"https:\/\/fheh.org\/index.php?rest_route=\/wp\/v2\/pages"}],"about":[{"href":"https:\/\/fheh.org\/index.php?rest_route=\/wp\/v2\/types\/page"}],"author":[{"embeddable":true,"href":"https:\/\/fheh.org\/index.php?rest_route=\/wp\/v2\/users\/1"}],"replies":[{"embeddable":true,"href":"https:\/\/fheh.org\/index.php?rest_route=%2Fwp%2Fv2%2Fcomments&post=328"}],"version-history":[{"count":4,"href":"https:\/\/fheh.org\/index.php?rest_route=\/wp\/v2\/pages\/328\/revisions"}],"predecessor-version":[{"id":4041,"href":"https:\/\/fheh.org\/index.php?rest_route=\/wp\/v2\/pages\/328\/revisions\/4041"}],"up":[{"embeddable":true,"href":"https:\/\/fheh.org\/index.php?rest_route=\/wp\/v2\/pages\/27"}],"wp:attachment":[{"href":"https:\/\/fheh.org\/index.php?rest_route=%2Fwp%2Fv2%2Fmedia&parent=328"}],"curies":[{"name":"wp","href":"https:\/\/api.w.org\/{rel}","templated":true}]}}