{"id":3205,"date":"2017-04-06T15:49:14","date_gmt":"2017-04-06T13:49:14","guid":{"rendered":"http:\/\/fheh.org\/?page_id=3205"},"modified":"2020-03-07T13:10:55","modified_gmt":"2020-03-07T12:10:55","slug":"about-fheh","status":"publish","type":"page","link":"https:\/\/fheh.org\/?page_id=3205","title":{"rendered":"About FHEH"},"content":{"rendered":"<p><a href=\"https:\/\/fheh.org\">Dieser Link f\u00fchrt zu einer \u00a0deutschen Version dieser Seite<\/a>!<br \/><a href=\"https:\/\/fheh.org\/?page_id=3389\">Por favor aprieta aqu\u00ed para una versi\u00f3n\u00a0<\/a>espa<span lang=\"it-IT\">\u00f1ola de esta p\u00e1gina!<br \/><a href=\"https:\/\/fheh.org\/?page_id=3800\">Veuillez cliquer ici pour une version fran\u00e7aise de cette page!<\/a><br \/><\/span><\/p>\n<p>The Research Group for Historical Epistemology and Hermeneutics (FHEH) is an interdisciplinary and cross-institutional network that supports the design and realization of research projects in the field of science theory and the history of science, primarily in the humanities and cultural sciences.<\/p>\n<h2><strong>Current Projects<\/strong><\/h2>\n<p>DFG-Project (Albrecht\/Danneberg\/Klausnitzer\/Mateescu\/Skowronski):\u00a0<a title=\"\u201cWir sagen ab der internationalen Gelehrtenrepublik\u201d? Internationale akademische Beziehungen Deutschlands von 1933 bis 1945\" href=\"https:\/\/fheh.org\/?page_id=2471\">\u201cWir sagen ab der internationalen Gelehrtenrepublik\u201d? International academic relations in Germany between 1933 and 1945<\/a>\u00a0(<a href=\"http:\/\/ns-wissenschaft.fheh.org\/?page_id=178\">English Summary<\/a>)<\/p>\n<p>VW-Opus magnum-Project (Danneberg): <a title=\"Ordo inversus\" href=\"https:\/\/fheh.org\/?page_id=324\">Ordo inversus. On the Rupture of a Thought-figure in Philosophy, Natural Philosophy, and Hermeneutics and on Proposals to Mend and Replace It<\/a><\/p>\n<p><span style=\"line-height: 1.71429; font-size: 1rem;\">Project (Ralf Klausnitzer, Wilhelm Schernus, J\u00f6rg Sch\u00f6nert): <a style=\"line-height: 1.71429; font-size: 1rem;\" href=\"https:\/\/fheh.org\/?page_id=2797\">Wilhelm Emrich: The Academic Career of a German Scholar<\/a>\u00a0before, during, and after National Socialism<\/span><\/p>\n<h2>Current Events<\/h2>\n<p>Max Bense \u2013 Works, Contexts, Reception, 2.\/3. February 2018, Stuttgart University \/ SRCTS (<a href=\"https:\/\/fheh.org\/wp-content\/uploads\/2015\/01\/Bense_Workshop_Homepage.pdf\">abstract<\/a>)<\/p>\n<p>\u201eZwischenv\u00f6lkische Aussprache\u201c. International Relations in Academic Journals 1933\u201345, 2nd to 4th of november 2017, Humboldt University Berlin<\/p>\n<p>Workshop: <a href=\"https:\/\/fheh.org\/?page_id=2811\">Intellectual History and Literary Studies<\/a>. Concepts and Categories, Heidelberg 2.\/3. Juni 2016<\/p>\n<h2 id=\"anker_\">Current Publications<\/h2>\n<p>Ordo inversus. Formen und Funktionen einer Denkfigur um 1800. Hg. v. Andrea Albrecht, Franziska Bomski, Lutz Danneberg, Berlin 2020 (Reihe:Historia Hermeneutica. Series Studia 19)<br \/><a href=\"https:\/\/www.degruyter.com\/viewbooktoc\/product\/529570\">Verlagsseite<\/a>\u00a0<a href=\"https:\/\/www.degruyter.com\/downloadpdf\/books\/9783110656930\/9783110656930-toc\/9783110656930-toc.pdf\">Inhaltsverzeichnis<\/a><\/p>\n<p><img decoding=\"async\" loading=\"lazy\" class=\" wp-image-3844 aligncenter\" src=\"https:\/\/fheh.org\/wp-content\/uploads\/2020\/01\/ordocover-203x300.jpg\" sizes=\"(max-width: 183px) 100vw, 183px\" srcset=\"https:\/\/fheh.org\/wp-content\/uploads\/2020\/01\/ordocover-203x300.jpg 203w, https:\/\/fheh.org\/wp-content\/uploads\/2020\/01\/ordocover.jpg 339w\" alt=\"\" width=\"183\" height=\"270\" \/><\/p>\n<p>Andrea Albrecht\/Masetto Bonitz\/Alexandra Skowronski\/Claus Zittel (Hg.): Max Bense. Werk \u2014 Kontext \u2014 Wirkung, Stuttgart 2019 (<a href=\"https:\/\/www.uni-heidelberg.de\/md\/neuphil\/gs\/ndl\/albrecht\/2019_book_maxbense-5-6.pdf\">Inhaltsverzeichnis<\/a>,\u00a0<a href=\"https:\/\/www.springer.com\/de\/book\/9783476047526\">Verlagsseite<\/a>).\u00a0<\/p>\n<p><img decoding=\"async\" loading=\"lazy\" class=\"aligncenter\" src=\"https:\/\/www.uni-heidelberg.de\/md\/neuphil\/gs\/ndl\/albrecht\/fittosize_150_225_02e5296b886e35ca9594336fed1312ef_maxbense.jpg\" alt=\"Maxbense\" width=\"150\" height=\"225\" data-node-id=\"\/2\/477\/639\/46909\/206470\/254528\/297513\" \/><\/p>\n<p>Lutz Danneberg: Hermeneutiken. Bedeutung und Methodologie, Berlin\/Boston 2018 (erscheint im Dez. 2018) Inhaltsverzeichnis,\u00a0<a href=\"https:\/\/www.degruyter.com\/view\/product\/495948?rskey=imUfJd&amp;result=1#\">Verlagsseite<\/a><\/p>\n<p><img decoding=\"async\" loading=\"lazy\" class=\"alignnone size-medium wp-image-3681\" src=\"https:\/\/fheh.org\/wp-content\/uploads\/2018\/11\/LuDaHermeneutiken-300x158.jpg\" sizes=\"(max-width: 300px) 100vw, 300px\" srcset=\"https:\/\/fheh.org\/wp-content\/uploads\/2018\/11\/LuDaHermeneutiken-300x158.jpg 300w, https:\/\/fheh.org\/wp-content\/uploads\/2018\/11\/LuDaHermeneutiken-768x403.jpg 768w, https:\/\/fheh.org\/wp-content\/uploads\/2018\/11\/LuDaHermeneutiken-1024x538.jpg 1024w, https:\/\/fheh.org\/wp-content\/uploads\/2018\/11\/LuDaHermeneutiken-624x328.jpg 624w, https:\/\/fheh.org\/wp-content\/uploads\/2018\/11\/LuDaHermeneutiken.jpg 1200w\" alt=\"\" width=\"300\" height=\"158\" \/><\/p>\n<p>J\u00f8rgen Sneis:\u00a0Ph\u00e4nomenologie und Textinterpretation.\u00a0Studien zur Theoriegeschichte und Methodik der Literaturwissenschaft (Historia Hermeneutica 17), Berlin\/Boston 2018. <a href=\"https:\/\/fheh.org\/wp-content\/uploads\/2018\/10\/sneisInhalt.pdf\">Inhaltsverzeichnis<\/a>, <a href=\"https:\/\/www.degruyter.com\/viewbooktoc\/product\/495597\">Verlagsseite<\/a><\/p>\n<p>Ralf Klausnitzer\/Wilhelm Schernus\/J\u00f6rg Sch\u00f6nert:\u00a0<a href=\"https:\/\/fheh.org\/?page_id=2797\">Wilhelm Emrich.\u00a0Zur Lebensgeschichte eines Geisteswissenschaftlers vor, in und nach der NS-Zeit<\/a>., 2 Bde.,\u00a0Stuttgart 2018<b>.\u00a0<\/b><\/p>\n<p>Andrea Albrecht, Lutz Danneberg, Simone de Angelis (Hg.), <a href=\"https:\/\/fheh.org\/?page_id=1643\">Die akademische \u201aAchse\u2018 Berlin-Rom? Der wissenschaftlich-kulturelle Austausch zwischen Italien und Deutschland 1920 bis 1945<\/a>, Berlin 2017<\/p>\n<p>Scientia Poetica 2019 (<a href=\"https:\/\/www.degruyter.com\/view\/j\/scipo.2019.23.issue-1\/issue-files\/scipo.2019.23.issue-1.xml\">table of contens)<\/a><\/p>\n<p>Scientia Poetica 2018 (<a href=\"https:\/\/www.degruyter.com\/view\/j\/scipo.2018.22.issue-1\/issue-files\/scipo.2018.22.issue-1.xml\">table of contents<\/a>)<\/p>\n<p>Scientia Poetica 2017 (<a href=\"https:\/\/www.degruyter.com\/view\/j\/scipo.2017.21.issue-1\/issue-files\/scipo.2017.21.issue-1.xml\">table of contents<\/a>)\u00a0<\/p>\n<p>Lutz Danneberg, Selected Bibliography:\u00a0<a href=\"https:\/\/fheh.org\/wp-content\/uploads\/2016\/07\/Goethe-V02.doc\">Goethe and the Sciences<\/a><\/p>\n<p>Lutz Danneberg, <a href=\"https:\/\/fheh.org\/wp-content\/uploads\/2015\/01\/WunderBibliographie.doc\">Bibliography on Miracles and<\/a>\u00a0their Discussion<span style=\"font-size: medium;\">.<\/span><\/p>\n<p>Lutz Danneberg, Bibliography on discipline, school, style, <a href=\"https:\/\/fheh.org\/wp-content\/uploads\/2016\/07\/Disziplin-Schule-Stil-V02_N-2-2.docx\">(Disziplin-Schule-Stil<\/a>) 22.12.2019<\/p>\n\n\n<p><\/p>\n","protected":false},"excerpt":{"rendered":"<p>Dieser Link f\u00fchrt zu einer \u00a0deutschen Version dieser Seite!Por favor aprieta aqu\u00ed para una versi\u00f3n\u00a0espa\u00f1ola de esta p\u00e1gina!Veuillez cliquer ici pour une version fran\u00e7aise de cette page! The Research Group for Historical Epistemology and Hermeneutics (FHEH) is an interdisciplinary and cross-institutional network that supports the design and realization of research projects in the field of [&hellip;]<\/p>\n","protected":false},"author":2,"featured_media":0,"parent":2596,"menu_order":0,"comment_status":"closed","ping_status":"closed","template":"","meta":[],"_links":{"self":[{"href":"https:\/\/fheh.org\/index.php?rest_route=\/wp\/v2\/pages\/3205"}],"collection":[{"href":"https:\/\/fheh.org\/index.php?rest_route=\/wp\/v2\/pages"}],"about":[{"href":"https:\/\/fheh.org\/index.php?rest_route=\/wp\/v2\/types\/page"}],"author":[{"embeddable":true,"href":"https:\/\/fheh.org\/index.php?rest_route=\/wp\/v2\/users\/2"}],"replies":[{"embeddable":true,"href":"https:\/\/fheh.org\/index.php?rest_route=%2Fwp%2Fv2%2Fcomments&post=3205"}],"version-history":[{"count":34,"href":"https:\/\/fheh.org\/index.php?rest_route=\/wp\/v2\/pages\/3205\/revisions"}],"predecessor-version":[{"id":3871,"href":"https:\/\/fheh.org\/index.php?rest_route=\/wp\/v2\/pages\/3205\/revisions\/3871"}],"up":[{"embeddable":true,"href":"https:\/\/fheh.org\/index.php?rest_route=\/wp\/v2\/pages\/2596"}],"wp:attachment":[{"href":"https:\/\/fheh.org\/index.php?rest_route=%2Fwp%2Fv2%2Fmedia&parent=3205"}],"curies":[{"name":"wp","href":"https:\/\/api.w.org\/{rel}","templated":true}]}}