{"id":2797,"date":"2016-07-18T11:09:30","date_gmt":"2016-07-18T09:09:30","guid":{"rendered":"http:\/\/fheh.ilw.uni-stuttgart.de\/?page_id=2797"},"modified":"2018-08-16T17:33:54","modified_gmt":"2018-08-16T15:33:54","slug":"wilhelm-emrich","status":"publish","type":"page","link":"https:\/\/fheh.org\/?page_id=2797","title":{"rendered":"Wilhelm Emrich \u2013 der akademische und berufliche Lebensverlauf eines Geisteswissenschaftlers vor, in und nach der NS-Zeit: exemplarische Konstellationen einer Intellektuellen-Geschichte 1929-1959"},"content":{"rendered":"<p><strong>Bearbeiter: J\u00f6rg Sch\u00f6nert,\u00a0Ralf Klausnitzer, Wilhelm Schernus<\/strong><\/p>\n<p><span style=\"line-height: 1.71429; font-size: 1rem;\">Gef\u00f6rdert von der Fritz-Thyssen-Stiftung Mai 2015 bis Oktober 2016<\/span><\/p>\n<p><strong><span style=\"line-height: 1.71429; font-size: 1rem;\">Publikationen:<\/span><\/strong><\/p>\n<p>Ralf Klausnitzer, Wilhelm Schernus, J\u00f6rg Sch\u00f6nert,\u00a0Wilhelm Emrich.\u00a0Zur Lebensgeschichte eines Geisteswissenschaftlers vor, in und nach der NS-Zeit. Bd. 1: 1929-1945: Der Werdegang eines \u201eGeistigen\u201c im Einflussspektrum akademischer, beruflicher und politischer Instiutionen. Stuttgart 2018<b>.\u00a0 (<\/b><a href=\"http:\/\/www.hirzel.de\/titel\/61504.html\">Verlagsseite<\/a><b>)<\/b><\/p>\n<p><img decoding=\"async\" loading=\"lazy\" class=\"alignnone wp-image-3634\" src=\"https:\/\/fheh.org\/wp-content\/uploads\/2018\/08\/Emrich1-212x300.jpg\" alt=\"\" width=\"199\" height=\"282\" srcset=\"https:\/\/fheh.org\/wp-content\/uploads\/2018\/08\/Emrich1-212x300.jpg 212w, https:\/\/fheh.org\/wp-content\/uploads\/2018\/08\/Emrich1-768x1085.jpg 768w, https:\/\/fheh.org\/wp-content\/uploads\/2018\/08\/Emrich1-725x1024.jpg 725w, https:\/\/fheh.org\/wp-content\/uploads\/2018\/08\/Emrich1-624x881.jpg 624w, https:\/\/fheh.org\/wp-content\/uploads\/2018\/08\/Emrich1.jpg 1400w\" sizes=\"(max-width: 199px) 100vw, 199px\" \/><\/p>\n<p>Ralf Klausnitzer, Wilhelm Schernus, J\u00f6rg Sch\u00f6nert,\u00a0\u00a0Wilhelm Emrich.\u00a0Zur Lebensgeschichte eines Geisteswissenschaftlers vor, in und nach der NS-Zeit. Bd. 2: 1945-1959: Wilhelm Emrichs Modellierungen seiner akademischen Existenz. Stuttgart 2018.\u00a0<b>(<\/b><a href=\"http:\/\/www.hirzel.de\/titel\/61505.html\">Verlagsseite<\/a><b>)<\/b><\/p>\n<p><img decoding=\"async\" loading=\"lazy\" class=\"alignnone size-medium wp-image-3635\" src=\"https:\/\/fheh.org\/wp-content\/uploads\/2018\/08\/Emrich2-212x300.jpg\" alt=\"\" width=\"212\" height=\"300\" srcset=\"https:\/\/fheh.org\/wp-content\/uploads\/2018\/08\/Emrich2-212x300.jpg 212w, https:\/\/fheh.org\/wp-content\/uploads\/2018\/08\/Emrich2-768x1085.jpg 768w, https:\/\/fheh.org\/wp-content\/uploads\/2018\/08\/Emrich2-725x1024.jpg 725w, https:\/\/fheh.org\/wp-content\/uploads\/2018\/08\/Emrich2-624x881.jpg 624w, https:\/\/fheh.org\/wp-content\/uploads\/2018\/08\/Emrich2.jpg 1400w\" sizes=\"(max-width: 212px) 100vw, 212px\" \/><\/p>\n<p><a href=\"https:\/\/fheh.org\/wp-content\/uploads\/2016\/08\/Thyssen_Stiftung_Bericht_Aug16.doc\">Jahresbericht f\u00fcr die Fritz Thyssen Stiftung 2016<\/a><\/p>\n<p>J\u00f6rg Sch\u00f6nert, Ralf Klausnitzer und Wilhelm Schernus: <a href=\"https:\/\/fheh.org\/wp-content\/uploads\/2016\/07\/GeschGerm_Projektanzeige.pdf\">Wilhelm Emrich \u2013 der akademische und berufliche Lebensverlauf eines Geisteswissenschaftlers<\/a>\u00a0vor, in und nach der NS-Zeit: exemplarische Konstellationen 1929-1959. In: Geschichte der Germanistik 47\/48 (2015), S.123-125;<\/p>\n<p>J\u00f6rg Sch\u00f6nert: Lekt\u00fcren zu Wilhelm Emrichs Die Symbolik von Faust II (1940-2014). In: Scientia Poetica 18\u00a0(2014), S. 305-326; <a href=\"https:\/\/fheh.org\/wp-content\/uploads\/2016\/07\/fheh_wiedergelesen_finis_01.pdf\">ausf\u00fchrlichere Fassung<\/a><\/p>\n<p>J\u00f6rg Sch\u00f6nert und Wilhelm Schernus: Wilhelm Emrich und die Universit\u00e4t Frankfurt am Main (1929-1941). In:\u00a0Frank Estelmann\/Bernd Zegowitz (Hg.): Literaturwissenschaften in Frankfurt am Main 1914-1945. G\u00f6ttingen 2017, S. 155-201. (<a href=\"http:\/\/www.wallstein-verlag.de\/9783835319936-literaturwissenschaften-in-frankfurt-19141945.html\">Verlagsseite<\/a>)<\/p>\n<p>Ralf Klausnitzer: <a href=\"https:\/\/www.degruyter.com\/view\/j\/iasl.2016.41.issue-2\/iasl-2016-0027\/iasl-2016-0027.xml\">Philologen in der NS-Schrifttumspolitik und ihre Observationen der Gegenwartsliteratur 1933-1945<\/a>.\u00a0In: Internationales Archiv f\u00fcr Sozialgeschichte der deutschen Literatur 41.2 (2016), S. 474-502.<\/p>\n<p><strong>Veranstaltung<\/strong><\/p>\n<p>Workshop am\u00a019.-20. Februar 2016, Institut f\u00fcr deutsche\u00a0Literatur der Humboldt-Universit\u00e4t zu Berlin (<a href=\"https:\/\/fheh.org\/wp-content\/uploads\/2016\/08\/Flyer-1.pdf\">Flyer<\/a>)<\/p>\n<p>&nbsp;<\/p>\n","protected":false},"excerpt":{"rendered":"<p>Bearbeiter: J\u00f6rg Sch\u00f6nert,\u00a0Ralf Klausnitzer, Wilhelm Schernus Gef\u00f6rdert von der Fritz-Thyssen-Stiftung Mai 2015 bis Oktober 2016 Publikationen: Ralf Klausnitzer, Wilhelm Schernus, J\u00f6rg Sch\u00f6nert,\u00a0Wilhelm Emrich.\u00a0Zur Lebensgeschichte eines Geisteswissenschaftlers vor, in und nach der NS-Zeit. Bd. 1: 1929-1945: Der Werdegang eines \u201eGeistigen\u201c im Einflussspektrum akademischer, beruflicher und politischer Instiutionen. Stuttgart 2018.\u00a0 (Verlagsseite) Ralf Klausnitzer, Wilhelm Schernus, J\u00f6rg Sch\u00f6nert,\u00a0\u00a0Wilhelm [&hellip;]<\/p>\n","protected":false},"author":2,"featured_media":0,"parent":328,"menu_order":0,"comment_status":"closed","ping_status":"closed","template":"","meta":[],"_links":{"self":[{"href":"https:\/\/fheh.org\/index.php?rest_route=\/wp\/v2\/pages\/2797"}],"collection":[{"href":"https:\/\/fheh.org\/index.php?rest_route=\/wp\/v2\/pages"}],"about":[{"href":"https:\/\/fheh.org\/index.php?rest_route=\/wp\/v2\/types\/page"}],"author":[{"embeddable":true,"href":"https:\/\/fheh.org\/index.php?rest_route=\/wp\/v2\/users\/2"}],"replies":[{"embeddable":true,"href":"https:\/\/fheh.org\/index.php?rest_route=%2Fwp%2Fv2%2Fcomments&post=2797"}],"version-history":[{"count":9,"href":"https:\/\/fheh.org\/index.php?rest_route=\/wp\/v2\/pages\/2797\/revisions"}],"predecessor-version":[{"id":3639,"href":"https:\/\/fheh.org\/index.php?rest_route=\/wp\/v2\/pages\/2797\/revisions\/3639"}],"up":[{"embeddable":true,"href":"https:\/\/fheh.org\/index.php?rest_route=\/wp\/v2\/pages\/328"}],"wp:attachment":[{"href":"https:\/\/fheh.org\/index.php?rest_route=%2Fwp%2Fv2%2Fmedia&parent=2797"}],"curies":[{"name":"wp","href":"https:\/\/api.w.org\/{rel}","templated":true}]}}

<p><strong>Bearbeiter: Jörg Schönert, Ralf Klausnitzer, Wilhelm Schernus</strong></p>
<p><span style="line-height: 1.71429; font-size: 1rem;">Gefördert von der Fritz-Thyssen-Stiftung Mai 2015 bis Oktober 2016</span></p>
<p><strong><span style="line-height: 1.71429; font-size: 1rem;">Publikationen:</span></strong></p>
<p>Ralf Klausnitzer, Wilhelm Schernus, Jörg Schönert, Wilhelm Emrich. Zur Lebensgeschichte eines Geisteswissenschaftlers vor, in und nach der NS-Zeit. Bd. 1: 1929-1945: Der Werdegang eines „Geistigen“ im Einflussspektrum akademischer, beruflicher und politischer Instiutionen. Stuttgart 2018<b>.  (</b><a href="http://www.hirzel.de/titel/61504.html">Verlagsseite</a><b>)</b></p>
<p><img decoding="async" loading="lazy" class="alignnone wp-image-3634" src="https://fheh.org/wp-content/uploads/2018/08/Emrich1-212x300.jpg" alt="" width="199" height="282" srcset="https://fheh.org/wp-content/uploads/2018/08/Emrich1-212x300.jpg 212w, https://fheh.org/wp-content/uploads/2018/08/Emrich1-768x1085.jpg 768w, https://fheh.org/wp-content/uploads/2018/08/Emrich1-725x1024.jpg 725w, https://fheh.org/wp-content/uploads/2018/08/Emrich1-624x881.jpg 624w, https://fheh.org/wp-content/uploads/2018/08/Emrich1.jpg 1400w" sizes="(max-width: 199px) 100vw, 199px" /></p>
<p>Ralf Klausnitzer, Wilhelm Schernus, Jörg Schönert,  Wilhelm Emrich. Zur Lebensgeschichte eines Geisteswissenschaftlers vor, in und nach der NS-Zeit. Bd. 2: 1945-1959: Wilhelm Emrichs Modellierungen seiner akademischen Existenz. Stuttgart 2018. <b>(</b><a href="http://www.hirzel.de/titel/61505.html">Verlagsseite</a><b>)</b></p>
<p><img decoding="async" loading="lazy" class="alignnone size-medium wp-image-3635" src="https://fheh.org/wp-content/uploads/2018/08/Emrich2-212x300.jpg" alt="" width="212" height="300" srcset="https://fheh.org/wp-content/uploads/2018/08/Emrich2-212x300.jpg 212w, https://fheh.org/wp-content/uploads/2018/08/Emrich2-768x1085.jpg 768w, https://fheh.org/wp-content/uploads/2018/08/Emrich2-725x1024.jpg 725w, https://fheh.org/wp-content/uploads/2018/08/Emrich2-624x881.jpg 624w, https://fheh.org/wp-content/uploads/2018/08/Emrich2.jpg 1400w" sizes="(max-width: 212px) 100vw, 212px" /></p>
<p><a href="https://fheh.org/wp-content/uploads/2016/08/Thyssen_Stiftung_Bericht_Aug16.doc">Jahresbericht für die Fritz Thyssen Stiftung 2016</a></p>
<p>Jörg Schönert, Ralf Klausnitzer und Wilhelm Schernus: <a href="https://fheh.org/wp-content/uploads/2016/07/GeschGerm_Projektanzeige.pdf">Wilhelm Emrich – der akademische und berufliche Lebensverlauf eines Geisteswissenschaftlers</a> vor, in und nach der NS-Zeit: exemplarische Konstellationen 1929-1959. In: Geschichte der Germanistik 47/48 (2015), S.123-125;</p>
<p>Jörg Schönert: Lektüren zu Wilhelm Emrichs Die Symbolik von Faust II (1940-2014). In: Scientia Poetica 18 (2014), S. 305-326; <a href="https://fheh.org/wp-content/uploads/2016/07/fheh_wiedergelesen_finis_01.pdf">ausführlichere Fassung</a></p>
<p>Jörg Schönert und Wilhelm Schernus: Wilhelm Emrich und die Universität Frankfurt am Main (1929-1941). In: Frank Estelmann/Bernd Zegowitz (Hg.): Literaturwissenschaften in Frankfurt am Main 1914-1945. Göttingen 2017, S. 155-201. (<a href="http://www.wallstein-verlag.de/9783835319936-literaturwissenschaften-in-frankfurt-19141945.html">Verlagsseite</a>)</p>
<p>Ralf Klausnitzer: <a href="https://www.degruyter.com/view/j/iasl.2016.41.issue-2/iasl-2016-0027/iasl-2016-0027.xml">Philologen in der NS-Schrifttumspolitik und ihre Observationen der Gegenwartsliteratur 1933-1945</a>. In: Internationales Archiv für Sozialgeschichte der deutschen Literatur 41.2 (2016), S. 474-502.</p>
<p><strong>Veranstaltung</strong></p>
<p>Workshop am 19.-20. Februar 2016, Institut für deutsche Literatur der Humboldt-Universität zu Berlin (<a href="https://fheh.org/wp-content/uploads/2016/08/Flyer-1.pdf">Flyer</a>)</p>
<p>&nbsp;</p>

<p>Bearbeiter: Jörg Schönert, Ralf Klausnitzer, Wilhelm Schernus Gefördert von der Fritz-Thyssen-Stiftung Mai 2015 bis Oktober 2016 Publikationen: Ralf Klausnitzer, Wilhelm Schernus, Jörg Schönert, Wilhelm Emrich. Zur Lebensgeschichte eines Geisteswissenschaftlers vor, in und nach der NS-Zeit. Bd. 1: 1929-1945: Der Werdegang eines „Geistigen“ im Einflussspektrum akademischer, beruflicher und politischer Instiutionen. Stuttgart 2018.  (Verlagsseite) Ralf Klausnitzer, Wilhelm Schernus, Jörg Schönert,  Wilhelm [&hellip;]</p>
