{"id":2711,"date":"2016-07-11T21:23:47","date_gmt":"2016-07-11T19:23:47","guid":{"rendered":"http:\/\/fheh.ilw.uni-stuttgart.de\/?page_id=2711"},"modified":"2017-01-22T09:02:05","modified_gmt":"2017-01-22T08:02:05","slug":"kaete-hamburger-im-kontext","status":"publish","type":"page","link":"https:\/\/fheh.org\/?page_id=2711","title":{"rendered":"K\u00e4te Hamburger im Kontext"},"content":{"rendered":"<p>Wissenschaftliches Kolloquium im Rahmen der J\u00fcdischen Kulturwochen Stuttgart Kooperation der Israelitischen Religionsgemeinschaft W\u00fcrttembergs, des Deutschen Literaturarchivs Marbach und der Universit\u00e4t Stuttgart 8. November 2012, Universit\u00e4t Stuttgart, Keplerstr. 17<\/p>\n<p>Organisation: Claudia L\u00f6schner, Andrea Albrecht<\/p>\n<p><a href=\"http:\/\/www.ts.uni-stuttgart.de\/forschung\/seiten\/link_index_kaete_hamburger_forschungsstelle.html\" target=\"_blank\">K\u00e4te Hamburger-Arbeitsstelle des SCR Text Studies, Univ. Stuttgart<\/a><\/p>\n<p><a href=\"http:\/\/www.ts.uni-stuttgart.de\/hamburger\/index.html\" target=\"_blank\">Personalbibliographie<\/a><\/p>\n<p>K\u00e4te Hamburger \u2013 deren Todestag sich im April 2012 zum zwanzigsten Mal gej\u00e4hrt hat \u2013 z\u00e4hlt zu den bedeutenden Anregerinnen der modernen Literaturwissenschaft. Ihre theoretischen Arbeiten sind immer wieder als innovative, radikal mit der Tradition brechende Impulse gewertet worden, die die Modernisierung und Verwissenschaftlichung der Philologien ma\u00dfgeblich vorangebracht h\u00e4tten. Zugleich waren ihre Schriften aber auch Anlass heftiger Kritik: Hamburgers Darstellungsstil, vor allem in &#8220;Die Logik der Dichtung&#8221;, wurde als schwer- und missverst\u00e4ndlich, ihre Argumentation als zu apodiktisch und monologisch bezeichnet. Dabei wei\u00df die literaturwissenschaftliche Fachgeschichte immer noch ausnehmend wenig \u00fcber die theoriegeschichtlichen und systematischen Kontexte, aus denen sich Hamburgers Werk speist. Den in ihre Texte eingestreuten Referenzen auf beispielsweise die allgemeine Kunstwissenschaft der 1920er Jahre, die philosophische \u00c4sthetik des Neukantianismus, die Ph\u00e4nomenologie, die Denkpsychologie oder auch die Existenzphilosophie der 1930er und 1940er Jahre ist bislang nur sehr vereinzelt Aufmerksamkeit geschenkt worden. \u2013 Der Workshop macht einen Vorsto\u00df, dieses Desiderat aufzuarbeiten und in der Zusammenf\u00fchrung verschiedener literaturtheoretischer und philosophiehistorischer Perspektiven K\u00e4te Hamburgers Denkansatz im Kontext seiner Entstehung zu rekonstruieren.<\/p>\n<p><strong>Publikation:<br \/>\n<\/strong>Andrea Albrecht\/Claudia L\u00f6schner (Hg.),<strong>\u00a0<\/strong><a href=\"http:\/\/www.degruyter.com\/view\/product\/241331\">K\u00e4te Hamburger. Kontext, Theorie und Praxis<\/a>. Berlin 2015<\/p>\n<p>Kontakt: <a title=\"Albrecht, Andrea\" href=\"https:\/\/fheh.org\/?page_id=2233\">Andrea Albrecht<\/a>, <a title=\"L\u00f6schner, Claudia\" href=\"https:\/\/fheh.org\/?page_id=2267\">Claudia L\u00f6schner<\/a><\/p>\n<p>&nbsp;<\/p>\n","protected":false},"excerpt":{"rendered":"<p>Wissenschaftliches Kolloquium im Rahmen der J\u00fcdischen Kulturwochen Stuttgart Kooperation der Israelitischen Religionsgemeinschaft W\u00fcrttembergs, des Deutschen Literaturarchivs Marbach und der Universit\u00e4t Stuttgart 8. November 2012, Universit\u00e4t Stuttgart, Keplerstr. 17 Organisation: Claudia L\u00f6schner, Andrea Albrecht K\u00e4te Hamburger-Arbeitsstelle des SCR Text Studies, Univ. Stuttgart Personalbibliographie K\u00e4te Hamburger \u2013 deren Todestag sich im April 2012 zum zwanzigsten Mal gej\u00e4hrt [&hellip;]<\/p>\n","protected":false},"author":2,"featured_media":0,"parent":1587,"menu_order":2,"comment_status":"closed","ping_status":"closed","template":"","meta":[],"_links":{"self":[{"href":"https:\/\/fheh.org\/index.php?rest_route=\/wp\/v2\/pages\/2711"}],"collection":[{"href":"https:\/\/fheh.org\/index.php?rest_route=\/wp\/v2\/pages"}],"about":[{"href":"https:\/\/fheh.org\/index.php?rest_route=\/wp\/v2\/types\/page"}],"author":[{"embeddable":true,"href":"https:\/\/fheh.org\/index.php?rest_route=\/wp\/v2\/users\/2"}],"replies":[{"embeddable":true,"href":"https:\/\/fheh.org\/index.php?rest_route=%2Fwp%2Fv2%2Fcomments&post=2711"}],"version-history":[{"count":4,"href":"https:\/\/fheh.org\/index.php?rest_route=\/wp\/v2\/pages\/2711\/revisions"}],"predecessor-version":[{"id":3065,"href":"https:\/\/fheh.org\/index.php?rest_route=\/wp\/v2\/pages\/2711\/revisions\/3065"}],"up":[{"embeddable":true,"href":"https:\/\/fheh.org\/index.php?rest_route=\/wp\/v2\/pages\/1587"}],"wp:attachment":[{"href":"https:\/\/fheh.org\/index.php?rest_route=%2Fwp%2Fv2%2Fmedia&parent=2711"}],"curies":[{"name":"wp","href":"https:\/\/api.w.org\/{rel}","templated":true}]}}