{"id":2471,"date":"2016-07-11T12:47:46","date_gmt":"2016-07-11T10:47:46","guid":{"rendered":"http:\/\/serverle.ilw.uni-stuttgart.de\/fheh\/?page_id=2471"},"modified":"2018-03-01T18:24:39","modified_gmt":"2018-03-01T17:24:39","slug":"wir-sagen-ab-der-internationalen-gelehrtenrepublik-internationale-akademische-beziehungen-deutschlands-von-1933-bis-1945","status":"publish","type":"page","link":"https:\/\/fheh.org\/?page_id=2471","title":{"rendered":"\u201cWir sagen ab der internationalen Gelehrtenrepublik\u201d? Internationale akademische Beziehungen Deutschlands von 1933 bis 1945"},"content":{"rendered":"<p>Bearbeiter: <a href=\"https:\/\/fheh.org\/?page_id=2233\">Andrea Albrecht<\/a>, <a href=\"https:\/\/fheh.org\/?page_id=2237\">Lutz Danneberg<\/a>, <a href=\"https:\/\/fheh.org\/?page_id=2242\">Ralf Klausnitzer<\/a>, <a style=\"font-size: 1rem;\" href=\"https:\/\/fheh.org\/?page_id=2747\">Kristina Mateescu<\/a>, <a href=\"https:\/\/fheh.org\/?page_id=2278\">Alexandra Skowronski<\/a><\/p>\n<p>(Hier finden sich nur \u00dcberblicksinformationen; ausf\u00fchrlichere Informationen auf unserer\u00a0<a href=\"http:\/\/ns-wissenschaft.fheh.org\/\">separaten Projektseite<\/a>)<\/p>\n<p>Die kritische Einstellung zur &#8216;Internationalit\u00e4t&#8217; geh\u00f6rt zu einem der Kernaspekte der in Deutschland zwischen 1933 und 1945 propagierten Wissenschaftsauffassung: An die Stelle selbstverst\u00e4ndlicher internationaler Austausch- und Kooperationsbeziehungen traten ab 1933 politisch gesteuerte, stark restringierte und kontrollierte Au\u00dfenkontakte und ein auf Autarkie und Hegemonie setzendes wissenschaftliches Selbstverst\u00e4ndnis. Wirft man jedoch einen Blick in die Nachrichtenbl\u00e4tter der deutschen Wissenschaft, wird schnell deutlich, dass es auch w\u00e4hrend der Zeit des Nationalsozialismus \u00fcberraschend umfangreiche und vielf\u00e4ltige internationale Kontakte gab. Der angestrebte \u00dcbergang zu einer &#8216;radikal mit der Tradition brechenden Wissenschaftsauffassung&#8217; scheint diese nur begrenzt beeintr\u00e4chtigt zu haben. Die Diskrepanz zwischen der Absage an die Internationalit\u00e4t der Wissenschaft einerseits und die praktizierte und mitunter sogar offen proklamierte internationale Ausrichtung wissenschaftlicher Arbeit andererseits ist in der Forschung, insbesondere in der Geschichte der Philosophie und der Philologien, bislang kaum untersucht worden; es fehlen sowohl eine theoretische Auseinandersetzung als auch belastbare empirische Erhebungen. Das materiale Fundament der Untersuchung bildet eine auf Vollst\u00e4ndigkeit angelegte personalbibliographische Sammlung zeitgen\u00f6ssischer Zeitschriftenbeitr\u00e4ge zu bislang 120 Philosophen und Philologen aus der NS-Zeit inklusive Rezensionsmaterial und Forschungsliteratur sowie eine thematisch ausgerichtete Sammlung zeitgen\u00f6ssischer Dokumente zur Wissenschaftsauffassung, zum internationalen Wissenschaftsaustausch und zu einzelnen Disziplinenentwicklungen w\u00e4hrend des Nationalsozialismus. Diese Dokumente werden im Rahmen des Projekts in eine Datenbank \u00fcberf\u00fchrt und zum einen quantitativ, zum anderen qualitativ durch eine koordinierte Reihe von exemplarisch angelegten Fallstudien zum Verh\u00e4ltnis von Theorie und Praxis des wissenschaftlichen Austauschs zwischen 1933 und 1945 ausgewertet. Projektiert sind unter anderem Studien zur &#8216;Deutschen Linie des Denkens und F\u00fchlens&#8217;, zum \u00c4sthetik-Kongress 1937 in Paris und zum Umgang mit eigenen und fremden philosophischen und literarischen Klassikern. Als Vergleichsstudie wird sich ein Teilprojekt mit der Wissenschaftspraxis, -auffassung und internationalen Rezeption des Logischen Empirismus und anderer philosophischer Str\u00f6mungen befassen.<\/p>\n<p><span style=\"color: #434748;\">Die <strong>Projektgruppe<\/strong> setzt sich aus Berliner und Stuttgarter Philologen und Philosophen verschiedener Qualifikationsstufen zusammen.<\/span><\/p>\n<ul>\n<li><a href=\"https:\/\/fheh.org\/?page_id=2233\">Andrea Albrecht<\/a><\/li>\n<li><a href=\"https:\/\/fheh.org\/?page_id=2237\">Lutz Danneberg<\/a><\/li>\n<li><a href=\"https:\/\/fheh.org\/?page_id=2962\">Katrin Hudey<\/a>,\u00a0<a href=\"https:\/\/fheh.org\/?page_id=2989\"><em>Zwischen \u201agelber Gefahr\u2018 und \u201agelber Hoffnung\u2018. China in der deutschen Literatur der Zwischenkriegsjahre (1919\u22121937\/39)<\/em><\/a><\/li>\n<li><a href=\"https:\/\/fheh.org\/?page_id=2242\">Ralf Klausnitzer<\/a><\/li>\n<li><a style=\"font-size: 1rem;\" href=\"https:\/\/fheh.org\/?page_id=2967\">Jens Krumeich<\/a><span style=\"font-size: 1rem;\">,\u00a0<a href=\"https:\/\/fheh.org\/?page_id=3027\"><em>Fritz Martini. Ein literaturwissenschaftlicher Autor w\u00e4hrend und nach der NS-Zeit<\/em><\/a><\/span><\/li>\n<li><a style=\"font-size: 1rem;\" href=\"https:\/\/fheh.org\/?page_id=2747\">Kristina Mateescu<\/a><span style=\"font-size: 1rem;\">, <\/span><a href=\"https:\/\/fheh.org\/?page_id=3037\"><em style=\"font-size: 1rem;\">Hochland-Publizistik<\/em><\/a><\/li>\n<li><a style=\"font-size: 1rem;\" title=\"Skowronski, Alexandra\" href=\"https:\/\/fheh.org\/?page_id=2278\">Alexandra Skowronski,<\/a><span style=\"font-size: 1rem;\">\u00a0<\/span><em style=\"font-size: 1rem;\"><a href=\"https:\/\/fheh.org\/?page_id=2465\">Max Bense \u2013 Journalistische und philosophische Beitr\u00e4ge zwischen 1933 und 1950<\/a><\/em><\/li>\n<li><a style=\"font-size: 1rem;\" href=\"https:\/\/fheh.org\/?page_id=2888\">Pascale Roure<\/a><span style=\"font-size: 1rem;\">,\u00a0<em>Zuflucht im Schatten des Nationalsozialismus.\u00a0Die Rezeption der deutschen Philosophie an der Universit\u00e4t Istanbul, 1933-1955<\/em><\/span><span style=\"line-height: 1.71429; font-size: 1rem;\">\u00a0<\/span><\/li>\n<\/ul>\n<p><span style=\"color: #434748;\"><strong>Wir kooperieren<\/strong> mit Wissenschaftlern der Univ. Hamburg, Bonn, Graz, Heidelberg und Bern. <\/span><\/p>\n<p><span style=\"color: #434748;\">Im Herbst 2014 wurde als Auftakt die Tagung: &#8220;<a title=\"Die akademische \u201aAchse Berlin \u2013 Rom\u2018?\" href=\"https:\/\/fheh.org\/?page_id=1643\">Die akademische &#8216;Achse Berlin &#8211; Rom&#8217;? Zum wissenschaftlich-kulturellen Austausch zwischen Italien und Deutschland in den 1920er bis 1940er Jahren&#8221; <\/a>in der Villa Vigoni veranstaltet.<\/span><\/p>\n<p><strong>Publikationen<\/strong><\/p>\n<p>Andrea Albrecht &amp; Alexandra Skowronski, Tagungsbericht <a href=\"https:\/\/fheh.org\/wp-content\/uploads\/2016\/12\/Uppsala_Tagung_Bericht_final.pdf\">A Treason of the Intellectuals?<\/a>\u00a0Uppsala, Dezember 2016<\/p>\n<p>Andrea Albrecht, Lutz Danneberg, Simone de Angelis (Hg.), <a href=\"https:\/\/fheh.org\/?page_id=1643\">Die akademische \u201aAchse\u2018 Berlin-Rom? Der wissenschaftlich-kulturelle Austausch zwischen Italien und Deutschland 1920 bis 1945,<\/a> Berlin\/Boston 2017.<\/p>\n<p><strong>Veranstaltungen<\/strong><\/p>\n<p>Tagung: &#8220;Zwischenv\u00f6lkische Aussprache&#8221;. Internationale Wissenschaftsbeziehungen in wissenschaftlichen Zeitschriften 1933-45, Donnerstag, 2. November \u2013 Samstag, 4. November 2017, HU Berlin (<a href=\"https:\/\/fheh.org\/wp-content\/uploads\/2016\/07\/Tagung_Plakat_DINA3_1.pdf\">Plakat<\/a>, <a href=\"https:\/\/fheh.org\/wp-content\/uploads\/2016\/07\/ProgrammZwischenv\u00f6lkisches.pdf\">Programm<\/a>, <a href=\"http:\/\/hsozkult.geschichte.hu-berlin.de\/index.asp?id=7583&amp;view=pdf&amp;pn=tagungsberichte&amp;type=tagungsberichte\">Tagungsbericht<\/a>)<\/p>\n<p>Workshop Stuttgart, 13.1.2017: \u00a0Ralf Klausnitzer: Neuere Forschungen zur Internationalit\u00e4t der Geisteswissenschaften und Entwicklungen 1933-45; Andrea Albrecht: Forschungen und Fortschritte; Alexandra Skowronski\/Kristina Mateescu: Verdecktes Schreiben am Beispiel von Alfred von Martin<\/p>\n<p>&nbsp;<\/p>\n","protected":false},"excerpt":{"rendered":"<p>Bearbeiter: Andrea Albrecht, Lutz Danneberg, Ralf Klausnitzer, Kristina Mateescu, Alexandra Skowronski (Hier finden sich nur \u00dcberblicksinformationen; ausf\u00fchrlichere Informationen auf unserer\u00a0separaten Projektseite) Die kritische Einstellung zur &#8216;Internationalit\u00e4t&#8217; geh\u00f6rt zu einem der Kernaspekte der in Deutschland zwischen 1933 und 1945 propagierten Wissenschaftsauffassung: An die Stelle selbstverst\u00e4ndlicher internationaler Austausch- und Kooperationsbeziehungen traten ab 1933 politisch gesteuerte, stark restringierte [&hellip;]<\/p>\n","protected":false},"author":1,"featured_media":0,"parent":326,"menu_order":1,"comment_status":"closed","ping_status":"closed","template":"","meta":[],"_links":{"self":[{"href":"https:\/\/fheh.org\/index.php?rest_route=\/wp\/v2\/pages\/2471"}],"collection":[{"href":"https:\/\/fheh.org\/index.php?rest_route=\/wp\/v2\/pages"}],"about":[{"href":"https:\/\/fheh.org\/index.php?rest_route=\/wp\/v2\/types\/page"}],"author":[{"embeddable":true,"href":"https:\/\/fheh.org\/index.php?rest_route=\/wp\/v2\/users\/1"}],"replies":[{"embeddable":true,"href":"https:\/\/fheh.org\/index.php?rest_route=%2Fwp%2Fv2%2Fcomments&post=2471"}],"version-history":[{"count":21,"href":"https:\/\/fheh.org\/index.php?rest_route=\/wp\/v2\/pages\/2471\/revisions"}],"predecessor-version":[{"id":3555,"href":"https:\/\/fheh.org\/index.php?rest_route=\/wp\/v2\/pages\/2471\/revisions\/3555"}],"up":[{"embeddable":true,"href":"https:\/\/fheh.org\/index.php?rest_route=\/wp\/v2\/pages\/326"}],"wp:attachment":[{"href":"https:\/\/fheh.org\/index.php?rest_route=%2Fwp%2Fv2%2Fmedia&parent=2471"}],"curies":[{"name":"wp","href":"https:\/\/api.w.org\/{rel}","templated":true}]}}

<p>Bearbeiter: <a href="https://fheh.org/?page_id=2233">Andrea Albrecht</a>, <a href="https://fheh.org/?page_id=2237">Lutz Danneberg</a>, <a href="https://fheh.org/?page_id=2242">Ralf Klausnitzer</a>, <a style="font-size: 1rem;" href="https://fheh.org/?page_id=2747">Kristina Mateescu</a>, <a href="https://fheh.org/?page_id=2278">Alexandra Skowronski</a></p>
<p>(Hier finden sich nur Überblicksinformationen; ausführlichere Informationen auf unserer <a href="http://ns-wissenschaft.fheh.org/">separaten Projektseite</a>)</p>
<p>Die kritische Einstellung zur &#8216;Internationalität&#8217; gehört zu einem der Kernaspekte der in Deutschland zwischen 1933 und 1945 propagierten Wissenschaftsauffassung: An die Stelle selbstverständlicher internationaler Austausch- und Kooperationsbeziehungen traten ab 1933 politisch gesteuerte, stark restringierte und kontrollierte Außenkontakte und ein auf Autarkie und Hegemonie setzendes wissenschaftliches Selbstverständnis. Wirft man jedoch einen Blick in die Nachrichtenblätter der deutschen Wissenschaft, wird schnell deutlich, dass es auch während der Zeit des Nationalsozialismus überraschend umfangreiche und vielfältige internationale Kontakte gab. Der angestrebte Übergang zu einer &#8216;radikal mit der Tradition brechenden Wissenschaftsauffassung&#8217; scheint diese nur begrenzt beeinträchtigt zu haben. Die Diskrepanz zwischen der Absage an die Internationalität der Wissenschaft einerseits und die praktizierte und mitunter sogar offen proklamierte internationale Ausrichtung wissenschaftlicher Arbeit andererseits ist in der Forschung, insbesondere in der Geschichte der Philosophie und der Philologien, bislang kaum untersucht worden; es fehlen sowohl eine theoretische Auseinandersetzung als auch belastbare empirische Erhebungen. Das materiale Fundament der Untersuchung bildet eine auf Vollständigkeit angelegte personalbibliographische Sammlung zeitgenössischer Zeitschriftenbeiträge zu bislang 120 Philosophen und Philologen aus der NS-Zeit inklusive Rezensionsmaterial und Forschungsliteratur sowie eine thematisch ausgerichtete Sammlung zeitgenössischer Dokumente zur Wissenschaftsauffassung, zum internationalen Wissenschaftsaustausch und zu einzelnen Disziplinenentwicklungen während des Nationalsozialismus. Diese Dokumente werden im Rahmen des Projekts in eine Datenbank überführt und zum einen quantitativ, zum anderen qualitativ durch eine koordinierte Reihe von exemplarisch angelegten Fallstudien zum Verhältnis von Theorie und Praxis des wissenschaftlichen Austauschs zwischen 1933 und 1945 ausgewertet. Projektiert sind unter anderem Studien zur &#8216;Deutschen Linie des Denkens und Fühlens&#8217;, zum Ästhetik-Kongress 1937 in Paris und zum Umgang mit eigenen und fremden philosophischen und literarischen Klassikern. Als Vergleichsstudie wird sich ein Teilprojekt mit der Wissenschaftspraxis, -auffassung und internationalen Rezeption des Logischen Empirismus und anderer philosophischer Strömungen befassen.</p>
<p><span style="color: #434748;">Die <strong>Projektgruppe</strong> setzt sich aus Berliner und Stuttgarter Philologen und Philosophen verschiedener Qualifikationsstufen zusammen.</span></p>
<ul>
<li><a href="https://fheh.org/?page_id=2233">Andrea Albrecht</a></li>
<li><a href="https://fheh.org/?page_id=2237">Lutz Danneberg</a></li>
<li><a href="https://fheh.org/?page_id=2962">Katrin Hudey</a>, <a href="https://fheh.org/?page_id=2989"><em>Zwischen ‚gelber Gefahr‘ und ‚gelber Hoffnung‘. China in der deutschen Literatur der Zwischenkriegsjahre (1919−1937/39)</em></a></li>
<li><a href="https://fheh.org/?page_id=2242">Ralf Klausnitzer</a></li>
<li><a style="font-size: 1rem;" href="https://fheh.org/?page_id=2967">Jens Krumeich</a><span style="font-size: 1rem;">, <a href="https://fheh.org/?page_id=3027"><em>Fritz Martini. Ein literaturwissenschaftlicher Autor während und nach der NS-Zeit</em></a></span></li>
<li><a style="font-size: 1rem;" href="https://fheh.org/?page_id=2747">Kristina Mateescu</a><span style="font-size: 1rem;">, </span><a href="https://fheh.org/?page_id=3037"><em style="font-size: 1rem;">Hochland-Publizistik</em></a></li>
<li><a style="font-size: 1rem;" title="Skowronski, Alexandra" href="https://fheh.org/?page_id=2278">Alexandra Skowronski,</a><span style="font-size: 1rem;"> </span><em style="font-size: 1rem;"><a href="https://fheh.org/?page_id=2465">Max Bense – Journalistische und philosophische Beiträge zwischen 1933 und 1950</a></em></li>
<li><a style="font-size: 1rem;" href="https://fheh.org/?page_id=2888">Pascale Roure</a><span style="font-size: 1rem;">, <em>Zuflucht im Schatten des Nationalsozialismus. Die Rezeption der deutschen Philosophie an der Universität Istanbul, 1933-1955</em></span><span style="line-height: 1.71429; font-size: 1rem;"> </span></li>
</ul>
<p><span style="color: #434748;"><strong>Wir kooperieren</strong> mit Wissenschaftlern der Univ. Hamburg, Bonn, Graz, Heidelberg und Bern. </span></p>
<p><span style="color: #434748;">Im Herbst 2014 wurde als Auftakt die Tagung: &#8220;<a title="Die akademische ‚Achse Berlin – Rom‘?" href="https://fheh.org/?page_id=1643">Die akademische &#8216;Achse Berlin &#8211; Rom&#8217;? Zum wissenschaftlich-kulturellen Austausch zwischen Italien und Deutschland in den 1920er bis 1940er Jahren&#8221; </a>in der Villa Vigoni veranstaltet.</span></p>
<p><strong>Publikationen</strong></p>
<p>Andrea Albrecht &amp; Alexandra Skowronski, Tagungsbericht <a href="https://fheh.org/wp-content/uploads/2016/12/Uppsala_Tagung_Bericht_final.pdf">A Treason of the Intellectuals?</a> Uppsala, Dezember 2016</p>
<p>Andrea Albrecht, Lutz Danneberg, Simone de Angelis (Hg.), <a href="https://fheh.org/?page_id=1643">Die akademische ‚Achse‘ Berlin-Rom? Der wissenschaftlich-kulturelle Austausch zwischen Italien und Deutschland 1920 bis 1945,</a> Berlin/Boston 2017.</p>
<p><strong>Veranstaltungen</strong></p>
<p>Tagung: &#8220;Zwischenvölkische Aussprache&#8221;. Internationale Wissenschaftsbeziehungen in wissenschaftlichen Zeitschriften 1933-45, Donnerstag, 2. November – Samstag, 4. November 2017, HU Berlin (<a href="https://fheh.org/wp-content/uploads/2016/07/Tagung_Plakat_DINA3_1.pdf">Plakat</a>, <a href="https://fheh.org/wp-content/uploads/2016/07/ProgrammZwischenvölkisches.pdf">Programm</a>, <a href="http://hsozkult.geschichte.hu-berlin.de/index.asp?id=7583&amp;view=pdf&amp;pn=tagungsberichte&amp;type=tagungsberichte">Tagungsbericht</a>)</p>
<p>Workshop Stuttgart, 13.1.2017:  Ralf Klausnitzer: Neuere Forschungen zur Internationalität der Geisteswissenschaften und Entwicklungen 1933-45; Andrea Albrecht: Forschungen und Fortschritte; Alexandra Skowronski/Kristina Mateescu: Verdecktes Schreiben am Beispiel von Alfred von Martin</p>
<p>&nbsp;</p>

<p>Bearbeiter: Andrea Albrecht, Lutz Danneberg, Ralf Klausnitzer, Kristina Mateescu, Alexandra Skowronski (Hier finden sich nur Überblicksinformationen; ausführlichere Informationen auf unserer separaten Projektseite) Die kritische Einstellung zur &#8216;Internationalität&#8217; gehört zu einem der Kernaspekte der in Deutschland zwischen 1933 und 1945 propagierten Wissenschaftsauffassung: An die Stelle selbstverständlicher internationaler Austausch- und Kooperationsbeziehungen traten ab 1933 politisch gesteuerte, stark restringierte [&hellip;]</p>
