{"id":2228,"date":"2015-01-04T18:08:07","date_gmt":"2015-01-04T17:08:07","guid":{"rendered":"http:\/\/serverle.ilw.uni-stuttgart.de\/fheh\/?page_id=2228"},"modified":"2015-01-04T18:08:07","modified_gmt":"2015-01-04T17:08:07","slug":"arbeitsstelle-fuer-die-erforschung-der-geschichte-der-germanistik-dla-marbach","status":"publish","type":"page","link":"https:\/\/fheh.org\/?page_id=2228","title":{"rendered":"Arbeitsstelle f\u00fcr die Erforschung der Geschichte der Germanistik (DLA Marbach)"},"content":{"rendered":"<p style=\"color: #333333;\">Die Arbeitsstelle zur Erforschung der Geschichte der Germanistik, 1972 auf den Vorschlag des Deutschen Germanistenverbandes im Deutschen Literaturarchiv Marbach gegruendet, widmet ihre Arbeit der Erwerbung, Erschlie\u00dfung und koordinierten Erforschung von Germanistennachl\u00e4ssen.<\/p>\n<p style=\"color: #333333;\">Etwa 230 Nachl\u00e4sse, Archive und Sammlungen von Gelehrten aus der Germanistik und den benachbarten Kulturwissenschaften werden in Marbach erschlossen und f\u00fcr die Forschung zur Verf\u00fcgung gestellt. Das wissenschaftsgeschichtliche Programm in Marbach versteht sich \u2013 in der N\u00e4he zum Quellenmaterial \u2013 als ein theoriegeschichtliches. F\u00fcr 2007 ist eine Marbacher Tagung zur fruehen Strukturalismus-Rezeption in der Bundesrepublik und in der DDR angesetzt (Marbacher Arbeitskreis).<\/p>\n<p style=\"color: #333333;\">Kontakt:\u00a0<a style=\"font-weight: inherit; font-style: inherit; color: #333333;\" href=\"mailto:lepper@dla-marbach.de\">Marcel Lepper<\/a><\/p>\n<p style=\"color: #333333;\">Link:\u00a0<a style=\"font-weight: inherit; font-style: inherit; color: #333333;\" href=\"https:\/\/www.dla-marbach.de\/\" target=\"_blank\">Deutsches Literaturarchiv Marbach<\/a><\/p>\n","protected":false},"excerpt":{"rendered":"<p>Die Arbeitsstelle zur Erforschung der Geschichte der Germanistik, 1972 auf den Vorschlag des Deutschen Germanistenverbandes im Deutschen Literaturarchiv Marbach gegruendet, widmet ihre Arbeit der Erwerbung, Erschlie\u00dfung und koordinierten Erforschung von Germanistennachl\u00e4ssen. Etwa 230 Nachl\u00e4sse, Archive und Sammlungen von Gelehrten aus der Germanistik und den benachbarten Kulturwissenschaften werden in Marbach erschlossen und f\u00fcr die Forschung zur [&hellip;]<\/p>\n","protected":false},"author":1,"featured_media":0,"parent":70,"menu_order":4,"comment_status":"closed","ping_status":"closed","template":"","meta":[],"_links":{"self":[{"href":"https:\/\/fheh.org\/index.php?rest_route=\/wp\/v2\/pages\/2228"}],"collection":[{"href":"https:\/\/fheh.org\/index.php?rest_route=\/wp\/v2\/pages"}],"about":[{"href":"https:\/\/fheh.org\/index.php?rest_route=\/wp\/v2\/types\/page"}],"author":[{"embeddable":true,"href":"https:\/\/fheh.org\/index.php?rest_route=\/wp\/v2\/users\/1"}],"replies":[{"embeddable":true,"href":"https:\/\/fheh.org\/index.php?rest_route=%2Fwp%2Fv2%2Fcomments&post=2228"}],"version-history":[{"count":1,"href":"https:\/\/fheh.org\/index.php?rest_route=\/wp\/v2\/pages\/2228\/revisions"}],"predecessor-version":[{"id":3284,"href":"https:\/\/fheh.org\/index.php?rest_route=\/wp\/v2\/pages\/2228\/revisions\/3284"}],"up":[{"embeddable":true,"href":"https:\/\/fheh.org\/index.php?rest_route=\/wp\/v2\/pages\/70"}],"wp:attachment":[{"href":"https:\/\/fheh.org\/index.php?rest_route=%2Fwp%2Fv2%2Fmedia&parent=2228"}],"curies":[{"name":"wp","href":"https:\/\/api.w.org\/{rel}","templated":true}]}}