{"id":19,"date":"2015-01-03T20:12:33","date_gmt":"2015-01-03T19:12:33","guid":{"rendered":"http:\/\/serverle.ilw.uni-stuttgart.de\/fheh\/?page_id=19"},"modified":"2015-01-03T20:12:33","modified_gmt":"2015-01-03T19:12:33","slug":"projekte","status":"publish","type":"page","link":"https:\/\/fheh.org\/?page_id=19","title":{"rendered":"Projekte"},"content":{"rendered":"<div align=\"left\">\n<p>Die Forschungsstelle ist ein interdisziplin\u00e4res und institutionen\u00fcbergreifendes Netzwerk, das die Konzipierung und Durchf\u00fchrung von Forschungsvorhaben im Bereich der Wissenschaftstheorie und -geschichte vornehmlich der Geistes- und Kulturwissenschaften unterst\u00fctzt. Sie umspannt gegenw\u00e4rtig sechs thematische Gruppen:<\/p>\n\n<!-- Page-list plugin v.5.6 wordpress.org\/plugins\/page-list\/ -->\n<ul class=\"page-list subpages-page-list \">\n<li class=\"page_item page-item-21 page_item_has_children\"><a href=\"https:\/\/fheh.org\/?page_id=21\">Historische Epistemologie<\/a><\/li>\n<li class=\"page_item page-item-25 page_item_has_children\"><a href=\"https:\/\/fheh.org\/?page_id=25\">Geschichte der \u00c4sthetik<\/a><\/li>\n<li class=\"page_item page-item-27 page_item_has_children\"><a href=\"https:\/\/fheh.org\/?page_id=27\">Wissenschaftsgeschichte<\/a><\/li>\n<li class=\"page_item page-item-36 page_item_has_children\"><a href=\"https:\/\/fheh.org\/?page_id=36\">Hermeneutik<\/a><\/li>\n<li class=\"page_item page-item-38 page_item_has_children\"><a href=\"https:\/\/fheh.org\/?page_id=38\">Methodenlehre<\/a><\/li>\n<li class=\"page_item page-item-40 page_item_has_children\"><a href=\"https:\/\/fheh.org\/?page_id=40\">Analysekategorien<\/a><\/li>\n\n<\/ul>\n<p><span style=\"line-height: 1.714285714; font-size: 1rem;\">Die in den sechs Gruppen versammelten Forschungsvorhaben verstehen sich zumeist als wissenschaftliche Grundlagenforschung, in deren Zentrum die methodische Herausforderung der Erschlie\u00dfung von (historischen) Wissensanspr\u00fcchen vor allem mittels der historisch-philologischen Analyse textuell verfasster Artefakte steht. Die Forschungsvorhaben orientieren sich dabei an einem Konzept von Philologie als (historischer) Textwissenschaft: Im Mittelpunkt steht die Anwendung &#8211; nicht zuletzt am Exempel poetischer Werke entwickelter &#8211; sensibler und methodischer Instrumente auf Texte unterschiedlicher Art, und zwar in Richtung einer im Rahmen historischer Epistemologie erneuerten\u00a0<\/span><em style=\"line-height: 1.714285714; font-size: 1rem;\">Intellectual<\/em><span style=\"line-height: 1.714285714; font-size: 1rem;\">\u00a0<\/span><em style=\"line-height: 1.714285714; font-size: 1rem;\">History<\/em><span style=\"line-height: 1.714285714; font-size: 1rem;\">.<\/span><\/p>\n<\/div>\n","protected":false},"excerpt":{"rendered":"<p>Die Forschungsstelle ist ein interdisziplin\u00e4res und institutionen\u00fcbergreifendes Netzwerk, das die Konzipierung und Durchf\u00fchrung von Forschungsvorhaben im Bereich der Wissenschaftstheorie und -geschichte vornehmlich der Geistes- und Kulturwissenschaften unterst\u00fctzt. Sie umspannt gegenw\u00e4rtig sechs thematische Gruppen: Die in den sechs Gruppen versammelten Forschungsvorhaben verstehen sich zumeist als wissenschaftliche Grundlagenforschung, in deren Zentrum die methodische Herausforderung der Erschlie\u00dfung von [&hellip;]<\/p>\n","protected":false},"author":1,"featured_media":0,"parent":0,"menu_order":2,"comment_status":"closed","ping_status":"closed","template":"","meta":[],"_links":{"self":[{"href":"https:\/\/fheh.org\/index.php?rest_route=\/wp\/v2\/pages\/19"}],"collection":[{"href":"https:\/\/fheh.org\/index.php?rest_route=\/wp\/v2\/pages"}],"about":[{"href":"https:\/\/fheh.org\/index.php?rest_route=\/wp\/v2\/types\/page"}],"author":[{"embeddable":true,"href":"https:\/\/fheh.org\/index.php?rest_route=\/wp\/v2\/users\/1"}],"replies":[{"embeddable":true,"href":"https:\/\/fheh.org\/index.php?rest_route=%2Fwp%2Fv2%2Fcomments&post=19"}],"version-history":[{"count":1,"href":"https:\/\/fheh.org\/index.php?rest_route=\/wp\/v2\/pages\/19\/revisions"}],"predecessor-version":[{"id":3217,"href":"https:\/\/fheh.org\/index.php?rest_route=\/wp\/v2\/pages\/19\/revisions\/3217"}],"wp:attachment":[{"href":"https:\/\/fheh.org\/index.php?rest_route=%2Fwp%2Fv2%2Fmedia&parent=19"}],"curies":[{"name":"wp","href":"https:\/\/api.w.org\/{rel}","templated":true}]}}