{"id":1421,"date":"2015-01-04T17:09:41","date_gmt":"2015-01-04T16:09:41","guid":{"rendered":"http:\/\/serverle.ilw.uni-stuttgart.de\/fheh\/?page_id=1421"},"modified":"2016-10-16T09:11:14","modified_gmt":"2016-10-16T07:11:14","slug":"fundamente-einer-systematischen-metaphorologie-der-wissenschaften","status":"publish","type":"page","link":"https:\/\/fheh.org\/?page_id=1421","title":{"rendered":"Fundamente einer systematischen Metaphorologie der Wissenschaften"},"content":{"rendered":"<div class=\"entry-content\" style=\"color: #333333;\">\n<p style=\"font-weight: inherit; font-style: inherit;\"><span style=\"font-weight: bold; font-style: inherit; color: #666666;\">Bearbeitung: Lutz Danneberg, Ralf Klausnitzer, Margarita Kranz, J\u00fcrg Niederhauser, Carlos Spoerhase<\/span><\/p>\n<p style=\"font-weight: inherit; font-style: inherit;\"><em style=\"font-weight: inherit;\">in Arbeit \u2026<\/em><\/p>\n<ol style=\"font-weight: inherit; font-style: inherit;\">\n<li style=\"font-weight: inherit; font-style: inherit;\">Lutz Danneberg, der sensus metaphoricus in der geschichet er Hermeneutik und die neuere sprachanalytische Metaphern-Diskussion. In: L. D. et al. (Hg.), Metapher und Innovation. beitr\u00e4ge aus philosophischer und literaturwissenschaftlicher Sicht. Bern\/Stuttgart\/Wien 1995, S. 66-104<\/li>\n<li style=\"font-weight: inherit; font-style: inherit;\">Lutz Danneberg, Sinn und Unsinn einer Metapherngeschichte. In: Hans Erich B\u00f6decker (Hg.), Begriffsgeschichte, Diskursgeschichte, Metapherngeschichte. G\u00f6ttingen 2002 (G\u00f6ttinger Gespr\u00e4che zur Geschichtswissenschaft 14), S. 259-421<\/li>\n<li style=\"font-weight: inherit; font-style: inherit;\">Lutz Dannneberg, Carlos Spoerhase und Dirk Werle (Hg.), [Begriffe, Metaphern und Imaginationen] in der Philosophie und Wissenschaftsgeschichte. Wiesbaden 2009<\/li>\n<li style=\"font-weight: inherit; font-style: inherit;\">Lutz Danneberg,\u00a0<a href=\"https:\/\/fheh.org\/wp-content\/uploads\/2016\/07\/metaphspinn-v01.pdf\">Probleme der Verkn\u00fcpfung von Metaphern<\/a>. Oder: Was haben Bacons, Humboldts und Nietzsches Metaphern miteinander zu tun? Mit einem Exkurs zur\u00a0<em style=\"font-weight: inherit;\">Wachsnase<\/em>. Version 5. 9. 2011, PDF-Dokument.<\/li>\n<\/ol>\n<p style=\"font-weight: inherit; font-style: inherit;\"><span style=\"font-weight: bold; font-style: inherit; color: #666666;\">Kontakt:\u00a0<\/span><a style=\"font-weight: inherit; font-style: inherit; color: #333333;\" title=\"Danneberg, Lutz\" href=\"https:\/\/fheh.org\/?page_id=2237\">Lutz Danneberg<\/a>,\u00a0<a style=\"font-weight: inherit; font-style: inherit; color: #333333;\" title=\"Kranz, Margarita\" href=\"https:\/\/fheh.org\/?page_id=2244\">Margarita Kranz<\/a>,\u00a0<a style=\"font-weight: inherit; font-style: inherit; color: #333333;\" title=\"Niederhauser, J\u00fcrg\" href=\"https:\/\/fheh.org\/?page_id=2272\">J\u00fcrg Niederhauser<\/a><\/p>\n<\/div>\n","protected":false},"excerpt":{"rendered":"<p>Bearbeitung: Lutz Danneberg, Ralf Klausnitzer, Margarita Kranz, J\u00fcrg Niederhauser, Carlos Spoerhase in Arbeit \u2026 Lutz Danneberg, der sensus metaphoricus in der geschichet er Hermeneutik und die neuere sprachanalytische Metaphern-Diskussion. In: L. D. et al. (Hg.), Metapher und Innovation. beitr\u00e4ge aus philosophischer und literaturwissenschaftlicher Sicht. Bern\/Stuttgart\/Wien 1995, S. 66-104 Lutz Danneberg, Sinn und Unsinn einer Metapherngeschichte. [&hellip;]<\/p>\n","protected":false},"author":1,"featured_media":0,"parent":38,"menu_order":7,"comment_status":"closed","ping_status":"closed","template":"","meta":[],"_links":{"self":[{"href":"https:\/\/fheh.org\/index.php?rest_route=\/wp\/v2\/pages\/1421"}],"collection":[{"href":"https:\/\/fheh.org\/index.php?rest_route=\/wp\/v2\/pages"}],"about":[{"href":"https:\/\/fheh.org\/index.php?rest_route=\/wp\/v2\/types\/page"}],"author":[{"embeddable":true,"href":"https:\/\/fheh.org\/index.php?rest_route=\/wp\/v2\/users\/1"}],"replies":[{"embeddable":true,"href":"https:\/\/fheh.org\/index.php?rest_route=%2Fwp%2Fv2%2Fcomments&post=1421"}],"version-history":[{"count":1,"href":"https:\/\/fheh.org\/index.php?rest_route=\/wp\/v2\/pages\/1421\/revisions"}],"predecessor-version":[{"id":2905,"href":"https:\/\/fheh.org\/index.php?rest_route=\/wp\/v2\/pages\/1421\/revisions\/2905"}],"up":[{"embeddable":true,"href":"https:\/\/fheh.org\/index.php?rest_route=\/wp\/v2\/pages\/38"}],"wp:attachment":[{"href":"https:\/\/fheh.org\/index.php?rest_route=%2Fwp%2Fv2%2Fmedia&parent=1421"}],"curies":[{"name":"wp","href":"https:\/\/api.w.org\/{rel}","templated":true}]}}