{"id":1416,"date":"2015-01-04T17:09:40","date_gmt":"2015-01-04T16:09:40","guid":{"rendered":"http:\/\/serverle.ilw.uni-stuttgart.de\/fheh\/?page_id=1416"},"modified":"2015-01-04T17:09:40","modified_gmt":"2015-01-04T16:09:40","slug":"quantitative-literaturwissenschaft","status":"publish","type":"page","link":"https:\/\/fheh.org\/?page_id=1416","title":{"rendered":"Quantitative Literaturwissenschaft"},"content":{"rendered":"<div class=\"entry-content\" style=\"color: #333333;\">\n<p style=\"font-weight: inherit; font-style: inherit;\"><span style=\"font-weight: bold; font-style: inherit; color: #666666;\">Bearbeitung:<\/span>\u00a0<span style=\"font-weight: bold; font-style: inherit; color: #666666;\">Toni Bernhart<\/span><\/p>\n<p style=\"font-weight: inherit; font-style: inherit;\">Unter Quantitativer Literaturwissenschaft lassen sich z\u00e4hlende, messende,<br \/>\nmathematische, statistische, empirische und computergest\u00fctzte Verfahren<br \/>\nzusammenfassen, sofern sie f\u00fcr die Analyse und Interpretation von Literatur<br \/>\nVerwendung finden. In der germanistischen Literaturwissenschaft gibt es<br \/>\nbislang keine theorie-, wissenschafts-, methoden- oder fachgeschichtliche<br \/>\nForschung, die sich umfassend, systematisch und diachron mit der Anwendung<br \/>\nquantitativer Verfahren f\u00fcr die Analyse und Interpretation von Literatur<br \/>\nbesch\u00e4ftigt. Dem gegen\u00fcber stehen die Beobachtungen, dass quantitative<br \/>\nVerfahren seit etwa zwei Jahrhunderten im Methodenrepertoire der<br \/>\nLiteraturwissenschaften vorhanden sind und gegenw\u00e4rtig im Rahmen der Digital<br \/>\nHumanities in den Fokus eines breiten Interesses r\u00fccken.<\/p>\n<p style=\"font-weight: inherit; font-style: inherit;\">Das Projekt verfolgt die Ziele, 1. die Geschichte der Verwendung<br \/>\nquantitativer Verfahren in der (germanistischen) Literaturwissenschaft zu<br \/>\nrekonstruieren, 2. quantitative Verfahren mit Blick auf (jeweils<br \/>\nzeitgen\u00f6ssische) Problem- und Fragestellungen zu systematisieren und 3. sie<br \/>\nfachgeschichtlich, theoretisch, methodologisch sowie komparatistisch zu<br \/>\nkontextualisieren. Das Projekt wird zun\u00e4chst einen wissenschaftshistorischen<br \/>\nAbriss unternehmen und die drei Kulminationsphasen quantitativer Methoden<br \/>\nherausarbeiten: die Dekaden um 1900, die Zeit zwischen etwa 1950 und 1980<br \/>\nund die Zeit ab etwa 2000. Daran anschlie\u00dfend wird n\u00e4her untersucht, welche<br \/>\nliteraturwissenschaftlichen Probleme zu welcher Zeit bevorzugterma\u00dfen<br \/>\nmithilfe welcher quantitativen Verfahren bearbeitet werden. Eine wichtige<br \/>\nRolle spielt dabei die Frage nach den Umst\u00e4nden und Voraussetzungen, die<br \/>\nVerwendungsh\u00e4ufungen quantitativer Verfahren beg\u00fcnstigen oder ihnen<br \/>\nentgegenwirken. Der Fokus liegt auf der germanistischen<br \/>\nLiteraturwissenschaft, die unter dem Gesichtspunkt der Verwendung<br \/>\nquantitativer Verfahren aber auch zu anderen Philologien in Bezug gesetzt<br \/>\nwerden soll. Diese komparatistische Sicht tr\u00e4gt dazu bei, die<br \/>\nProjektergebnisse auf eine solidere wissenschafts- und<br \/>\nmethodengeschichtliche Basis zu stellen, anderen Philologien<br \/>\nAnschlussm\u00f6glichkeiten zu bieten sowie den theoretischen und<br \/>\ntheoriegeschichtlichen Verst\u00e4ndnishintergrund der Digital Humanities<br \/>\nauszuleuchten.<\/p>\n<p style=\"font-weight: inherit; font-style: inherit;\"><span style=\"font-weight: bold; font-style: inherit; color: #666666;\"><em style=\"font-weight: inherit;\"><br \/>\nVerkn\u00fcpfungen<\/em><\/span><\/p>\n<ul style=\"font-weight: inherit; font-style: inherit;\">\n<li style=\"font-weight: inherit; font-style: inherit;\"><span style=\"font-weight: bold; font-style: inherit; color: #666666;\"><span style=\"font-weight: inherit; font-style: inherit;\"><a style=\"font-weight: inherit; font-style: inherit; color: #333333;\" title=\"Systematische Rekonstruktion der Text-Kontext-Relation\" href=\"https:\/\/fheh.org\/?page_id=1413\">Systematische Rekonstruktion der Text-Kontext-Relation<\/a><\/span><\/span><\/li>\n<\/ul>\n<p style=\"font-weight: inherit; font-style: inherit;\"><span style=\"font-weight: bold; font-style: inherit; color: #666666;\"><em style=\"font-weight: inherit;\"><br \/>\nVorarbeiten<\/em><\/span><\/p>\n<p style=\"font-weight: inherit; font-style: inherit;\">Toni Bernhart: Die Vermessung der Farben in der Sprache. Zur<br \/>\nBerlin-Kay-Hypothese in der Literaturwissenschaft. In: Zeitschrift f\u00fcr<br \/>\nLiteraturwissenschaft und Linguistik (LiLi) 150 (2008), S. 56-78.<\/p>\n<p style=\"font-weight: inherit; font-style: inherit;\">Toni Bernhart: Quantitative Literaturwissenschaft am Beispiel der<br \/>\nFarbsemantik. In: Martin Huber, Simone Winko (Hg.): Literatur und Kognition.<br \/>\nBestandsaufnahmen und Perspektiven eines Arbeitsfeldes (Poetogenesis 6).<br \/>\nPaderborn: mentis 2009, S. 217-234.<\/p>\n<p style=\"font-weight: inherit; font-style: inherit;\">Toni Bernhart: \u201eVon Aalschwanzspekulanten bis Abendrotlicht\u201c. Buchst\u00e4bliche<br \/>\nMaterialit\u00e4t und Pathos im \u201eH\u00e4ufigkeitsw\u00f6rterbuch der deutschen Sprache\u201c<br \/>\n(1898) von Friedrich Wilhelm Kaeding. In: Ralf Klausnitzer, Carlos Spoerhase<br \/>\nund Dirk Werle (Hg.): Ethos und Pathos der Wissenschaften. Studien zur<br \/>\nwissenschaftlichen Persona zwischen 1750 und 1930. (Im Erscheinen.)<\/p>\n<p style=\"font-weight: inherit; font-style: inherit;\"><span style=\"font-weight: bold; font-style: inherit; color: #666666;\"><br \/>\nKontakt:\u00a0<\/span><a style=\"font-weight: inherit; font-style: inherit; color: #333333;\" title=\"Bernhart, Toni\" href=\"https:\/\/fheh.org\/?page_id=2235\">Toni Bernhart<\/a><\/p>\n<\/div>\n","protected":false},"excerpt":{"rendered":"<p>Bearbeitung:\u00a0Toni Bernhart Unter Quantitativer Literaturwissenschaft lassen sich z\u00e4hlende, messende, mathematische, statistische, empirische und computergest\u00fctzte Verfahren zusammenfassen, sofern sie f\u00fcr die Analyse und Interpretation von Literatur Verwendung finden. In der germanistischen Literaturwissenschaft gibt es bislang keine theorie-, wissenschafts-, methoden- oder fachgeschichtliche Forschung, die sich umfassend, systematisch und diachron mit der Anwendung quantitativer Verfahren f\u00fcr die Analyse [&hellip;]<\/p>\n","protected":false},"author":1,"featured_media":0,"parent":38,"menu_order":4,"comment_status":"closed","ping_status":"closed","template":"","meta":[],"_links":{"self":[{"href":"https:\/\/fheh.org\/index.php?rest_route=\/wp\/v2\/pages\/1416"}],"collection":[{"href":"https:\/\/fheh.org\/index.php?rest_route=\/wp\/v2\/pages"}],"about":[{"href":"https:\/\/fheh.org\/index.php?rest_route=\/wp\/v2\/types\/page"}],"author":[{"embeddable":true,"href":"https:\/\/fheh.org\/index.php?rest_route=\/wp\/v2\/users\/1"}],"replies":[{"embeddable":true,"href":"https:\/\/fheh.org\/index.php?rest_route=%2Fwp%2Fv2%2Fcomments&post=1416"}],"version-history":[{"count":1,"href":"https:\/\/fheh.org\/index.php?rest_route=\/wp\/v2\/pages\/1416\/revisions"}],"predecessor-version":[{"id":3240,"href":"https:\/\/fheh.org\/index.php?rest_route=\/wp\/v2\/pages\/1416\/revisions\/3240"}],"up":[{"embeddable":true,"href":"https:\/\/fheh.org\/index.php?rest_route=\/wp\/v2\/pages\/38"}],"wp:attachment":[{"href":"https:\/\/fheh.org\/index.php?rest_route=%2Fwp%2Fv2%2Fmedia&parent=1416"}],"curies":[{"name":"wp","href":"https:\/\/api.w.org\/{rel}","templated":true}]}}